000
CDUS43 KSGF 202126
CLIJLN


CLIMATE REPORT
NATIONAL WEATHER SERVICE SPRINGFIELD MO
426 PM CDT MON APR 20 2015


...................................

...THE JOPLIN MO CLIMATE SUMMARY FOR APRIL 20 2015...
VALID AS OF 0400 PM LOCAL TIME.

CLIMATE NORMAL PERIOD 1981 TO 2010
CLIMATE RECORD PERIOD 1902 TO 2015


WEATHER ITEM   OBSERVED TIME   RECORD YEAR NORMAL DEPARTURE LAST
                VALUE   (LST)  VALUE       VALUE  FROM      YEAR
                                                  NORMAL
..................................................................
TEMPERATURE (F)
 TODAY
  MAXIMUM         60    252 PM  92    1987  72    -12       77
  MINIMUM         44    622 AM  29    1953  48     -4       56
  AVERAGE         52                        60     -8       67

PRECIPITATION (IN)
  TODAY            0.00          2.48 1966   0.16  -0.16     0.00
  MONTH TO DATE    3.74                      2.70   1.04     0.55
  SINCE MAR 1      5.57                      6.12  -0.55     2.43
  SINCE JAN 1      7.09                     10.47  -3.38     3.28

DEGREE DAYS
 HEATING
  TODAY           13                         7      6        0
  MONTH TO DATE  118                       186    -68      214
  SINCE MAR 1    608                       694    -86      877
  SINCE JUL 1   4144                      3948    196     4726

 COOLING
  TODAY            0                         2     -2        2
  MONTH TO DATE   34                        24     10       12
  SINCE MAR 1     34                        33      1       12
  SINCE JAN 1     34                        34      0       12
..................................................................


WIND (MPH)
  HIGHEST WIND SPEED    25   HIGHEST WIND DIRECTION    NW (320)
  HIGHEST GUST SPEED    32   HIGHEST GUST DIRECTION    NW (300)


SKY COVER
  AVERAGE SKY COVER 0.4


WEATHER CONDITIONS
 THE FOLLOWING WEATHER WAS RECORDED TODAY.
  NO SIGNIFICANT WEATHER WAS OBSERVED.


RELATIVE HUMIDITY (PERCENT)
 HIGHEST    76           500 AM
 LOWEST     33           300 PM
 AVERAGE    55

..........................................................


THE JOPLIN MO CLIMATE NORMALS FOR TOMORROW
                         NORMAL    RECORD    YEAR
 MAXIMUM TEMPERATURE (F)   72        90      1963
 MINIMUM TEMPERATURE (F)   49        30      1966
                                             1978


SUNRISE AND SUNSET
APRIL 20 2015.........SUNRISE   637 AM CDT   SUNSET   757 PM CDT
APRIL 21 2015.........SUNRISE   636 AM CDT   SUNSET   758 PM CDT


-  INDICATES NEGATIVE NUMBERS.
R  INDICATES RECORD WAS SET OR TIED.
MM INDICATES DATA IS MISSING.
T  INDICATES TRACE AMOUNT.




$$
