000
CDUS43 KSGF 300625
CLIJLN


CLIMATE REPORT
NATIONAL WEATHER SERVICE SPRINGFIELD MO
125 AM CDT THU APR 30 2015


...................................

...THE JOPLIN MO CLIMATE SUMMARY FOR APRIL 29 2015...

CLIMATE NORMAL PERIOD 1981 TO 2010
CLIMATE RECORD PERIOD 1902 TO 2015


WEATHER ITEM   OBSERVED TIME   RECORD YEAR NORMAL DEPARTURE LAST
                VALUE   (LST)  VALUE       VALUE  FROM      YEAR
                                                  NORMAL
..................................................................
TEMPERATURE (F)
 YESTERDAY
  MAXIMUM         74    218 PM  92    1962  74      0       52
  MINIMUM         40    550 AM  36    1969  51    -11       45
  AVERAGE         57                        62     -5       49

PRECIPITATION (IN)
  YESTERDAY        0.00          1.89 2006   0.19  -0.19     0.02
  MONTH TO DATE    3.95                      4.28  -0.33     1.25
  SINCE MAR 1      5.78                      7.70  -1.92     3.13
  SINCE JAN 1      7.30                     12.05  -4.75     3.98

DEGREE DAYS
 HEATING
  YESTERDAY        8                         5      3       16
  MONTH TO DATE  191                       237    -46      250
  SINCE MAR 1    681                       745    -64      913
  SINCE JUL 1   4217                      3999    218     4762

 COOLING
  YESTERDAY        0                         2     -2        0
  MONTH TO DATE   35                        42     -7       23
  SINCE MAR 1     35                        51    -16       23
  SINCE JAN 1     35                        52    -17       23
..................................................................


WIND (MPH)
  HIGHEST WIND SPEED    18   HIGHEST WIND DIRECTION    NW (310)
  HIGHEST GUST SPEED    24   HIGHEST GUST DIRECTION    NW (310)
  AVERAGE WIND SPEED     5.0


SKY COVER
  AVERAGE SKY COVER 0.0


WEATHER CONDITIONS
 THE FOLLOWING WEATHER WAS RECORDED YESTERDAY.
  NO SIGNIFICANT WEATHER WAS OBSERVED.


RELATIVE HUMIDITY (PERCENT)
 HIGHEST    96           500 AM
 LOWEST     38          1200 PM
 AVERAGE    67

..........................................................


THE JOPLIN MO CLIMATE NORMALS FOR TODAY
                         NORMAL    RECORD    YEAR
 MAXIMUM TEMPERATURE (F)   74        91      1952
                                             1987
 MINIMUM TEMPERATURE (F)   52        34      2005


SUNRISE AND SUNSET
APRIL 30 2015.........SUNRISE   625 AM CDT   SUNSET   806 PM CDT
MAY  1 2015...........SUNRISE   624 AM CDT   SUNSET   807 PM CDT


-  INDICATES NEGATIVE NUMBERS.
R  INDICATES RECORD WAS SET OR TIED.
MM INDICATES DATA IS MISSING.
T  INDICATES TRACE AMOUNT.




$$
