000
CDUS43 KSGF 120736
CLIJLN


CLIMATE REPORT
NATIONAL WEATHER SERVICE SPRINGFIELD MO
128 AM CDT SUN APR 12 2015


...................................

...THE JOPLIN MO CLIMATE SUMMARY FOR APRIL 11 2015...

CLIMATE NORMAL PERIOD 1981 TO 2010
CLIMATE RECORD PERIOD 1902 TO 2015


WEATHER ITEM   OBSERVED TIME   RECORD YEAR NORMAL DEPARTURE LAST
                VALUE   (LST)  VALUE       VALUE  FROM      YEAR
                                                  NORMAL
..................................................................
TEMPERATURE (F)
 YESTERDAY
  MAXIMUM         70   1232 PM  86    1972  69      1       78
                                      1996
  MINIMUM         44   1250 AM  26    1989  45     -1       49
  AVERAGE         57                        57      0       64

PRECIPITATION (IN)
  YESTERDAY        T             3.26 1994   0.14  -0.14     0.00
  MONTH TO DATE    1.77                      1.38   0.39     0.17
  SINCE MAR 1      3.60                      4.80  -1.20     2.05
  SINCE JAN 1      5.12                      9.15  -4.03     2.90

DEGREE DAYS
 HEATING
  YESTERDAY        8                         9     -1        1
  MONTH TO DATE   83                       115    -32      118
  SINCE MAR 1    573                       623    -50      781
  SINCE JUL 1   4109                      3877    232     4630

 COOLING
  YESTERDAY        0                         1     -1        0
  MONTH TO DATE   29                        11     18        3
  SINCE MAR 1     29                        20      9        3
  SINCE JAN 1     29                        21      8        3
..................................................................


WIND (MPH)
  HIGHEST WIND SPEED    17   HIGHEST WIND DIRECTION    SE (140)
  HIGHEST GUST SPEED    23   HIGHEST GUST DIRECTION    SE (120)
  AVERAGE WIND SPEED     6.2


SKY COVER
  AVERAGE SKY COVER 0.4


WEATHER CONDITIONS
 THE FOLLOWING WEATHER WAS RECORDED YESTERDAY.
  NO SIGNIFICANT WEATHER WAS OBSERVED.


RELATIVE HUMIDITY (PERCENT)
 HIGHEST    86           400 AM
 LOWEST     31           100 PM
 AVERAGE    59

..........................................................


THE JOPLIN MO CLIMATE NORMALS FOR TODAY
                         NORMAL    RECORD    YEAR
 MAXIMUM TEMPERATURE (F)   69        96      1972
 MINIMUM TEMPERATURE (F)   46        23      1957


SUNRISE AND SUNSET
APRIL 12 2015.........SUNRISE   648 AM CDT   SUNSET   750 PM CDT
APRIL 13 2015.........SUNRISE   647 AM CDT   SUNSET   751 PM CDT


-  INDICATES NEGATIVE NUMBERS.
R  INDICATES RECORD WAS SET OR TIED.
MM INDICATES DATA IS MISSING.
T  INDICATES TRACE AMOUNT.




$$
