000
CDUS43 KSGF 010627
CLIJLN


CLIMATE REPORT
NATIONAL WEATHER SERVICE SPRINGFIELD MO
126 AM CDT WED APR 1 2015


...................................

...THE JOPLIN MO CLIMATE SUMMARY FOR MARCH 31 2015...

CLIMATE NORMAL PERIOD 1981 TO 2010
CLIMATE RECORD PERIOD 1902 TO 2015


WEATHER ITEM   OBSERVED TIME   RECORD YEAR NORMAL DEPARTURE LAST
                VALUE   (LST)  VALUE       VALUE  FROM      YEAR
                                                  NORMAL
..................................................................
TEMPERATURE (F)
 YESTERDAY
  MAXIMUM         76    458 PM  89    1974  65     11       70
  MINIMUM         54    156 AM  21    1987  42     12       50
  AVERAGE         65                        54     11       60

PRECIPITATION (IN)
  YESTERDAY        0.00          1.70 2008   0.13  -0.13      T
  MONTH TO DATE    1.83                      3.42  -1.59     1.88
  SINCE MAR 1      1.83                      3.42  -1.59     1.88
  SINCE JAN 1      3.35                      7.77  -4.42     2.73

DEGREE DAYS
 HEATING
  YESTERDAY        0                        12    -12        5
  MONTH TO DATE  490                       508    -18      663
  SINCE MAR 1    490                       508    -18      663
  SINCE JUL 1   4026                      3762    264     4512

 COOLING
  YESTERDAY        0                         1     -1        0
  MONTH TO DATE    0                         9     -9        0
  SINCE MAR 1      0                         9     -9        0
  SINCE JAN 1      0                        10    -10        0
..................................................................


WIND (MPH)
  HIGHEST WIND SPEED    13   HIGHEST WIND DIRECTION    SW (210)
  HIGHEST GUST SPEED    16   HIGHEST GUST DIRECTION     S (190)
  AVERAGE WIND SPEED     6.8


SKY COVER
  AVERAGE SKY COVER 0.2


WEATHER CONDITIONS
 THE FOLLOWING WEATHER WAS RECORDED YESTERDAY.
  FOG
  HAZE


RELATIVE HUMIDITY (PERCENT)
 HIGHEST   100           600 AM
 LOWEST     46           400 PM
 AVERAGE    73

..........................................................


THE JOPLIN MO CLIMATE NORMALS FOR TODAY
                         NORMAL    RECORD    YEAR
 MAXIMUM TEMPERATURE (F)   65        88      2012
 MINIMUM TEMPERATURE (F)   42        26      1972


SUNRISE AND SUNSET
APRIL  1 2015.........SUNRISE   704 AM CDT   SUNSET   740 PM CDT
APRIL  2 2015.........SUNRISE   703 AM CDT   SUNSET   741 PM CDT


-  INDICATES NEGATIVE NUMBERS.
R  INDICATES RECORD WAS SET OR TIED.
MM INDICATES DATA IS MISSING.
T  INDICATES TRACE AMOUNT.




$$
