000
CDUS43 KSGF 020637
CLIJLN


CLIMATE REPORT
NATIONAL WEATHER SERVICE SPRINGFIELD MO
136 AM CDT THU APR 2 2015


...................................

...THE JOPLIN MO CLIMATE SUMMARY FOR APRIL 1 2015...

CLIMATE NORMAL PERIOD 1981 TO 2010
CLIMATE RECORD PERIOD 1902 TO 2015


WEATHER ITEM   OBSERVED TIME   RECORD YEAR NORMAL DEPARTURE LAST
                VALUE   (LST)  VALUE       VALUE  FROM      YEAR
                                                  NORMAL
..................................................................
TEMPERATURE (F)
 YESTERDAY
  MAXIMUM         71    547 PM  88    2012  65      6       53
  MINIMUM         55    217 AM  26    1972  42     13       33
  AVERAGE         63                        54      9       43

PRECIPITATION (IN)
  YESTERDAY        0.37          1.61 1988   0.12   0.25     0.04
  MONTH TO DATE    0.37                      0.12   0.25     0.04
  SINCE MAR 1      2.20                      3.54  -1.34     1.92
  SINCE JAN 1      3.72                      7.89  -4.17     2.77

DEGREE DAYS
 HEATING
  YESTERDAY        2                        12    -10       22
  MONTH TO DATE    2                        12    -10       22
  SINCE MAR 1    492                       520    -28      685
  SINCE JUL 1   4028                      3774    254     4534

 COOLING
  YESTERDAY        0                         1     -1        0
  MONTH TO DATE    0                         1     -1        0
  SINCE MAR 1      0                        10    -10        0
  SINCE JAN 1      0                        11    -11        0
..................................................................


WIND (MPH)
  HIGHEST WIND SPEED    23   HIGHEST WIND DIRECTION     S (190)
  HIGHEST GUST SPEED    35   HIGHEST GUST DIRECTION     S (170)
  AVERAGE WIND SPEED     9.7


SKY COVER
  AVERAGE SKY COVER 0.3


WEATHER CONDITIONS
 THE FOLLOWING WEATHER WAS RECORDED YESTERDAY.
  THUNDERSTORM
  LIGHT RAIN
  FOG
  HAZE


RELATIVE HUMIDITY (PERCENT)
 HIGHEST    90          1100 AM
 LOWEST     60           500 AM
 AVERAGE    75

..........................................................


THE JOPLIN MO CLIMATE NORMALS FOR TODAY
                         NORMAL    RECORD    YEAR
 MAXIMUM TEMPERATURE (F)   66        86      2007
 MINIMUM TEMPERATURE (F)   43        25      1992


SUNRISE AND SUNSET
APRIL  2 2015.........SUNRISE   703 AM CDT   SUNSET   741 PM CDT
APRIL  3 2015.........SUNRISE   701 AM CDT   SUNSET   742 PM CDT


-  INDICATES NEGATIVE NUMBERS.
R  INDICATES RECORD WAS SET OR TIED.
MM INDICATES DATA IS MISSING.
T  INDICATES TRACE AMOUNT.




$$
