000
CDUS43 KSGF 020639
CLIJLN


CLIMATE REPORT
NATIONAL WEATHER SERVICE SPRINGFIELD MO
139 AM CDT SAT MAY 2 2015


...................................

...THE JOPLIN MO CLIMATE SUMMARY FOR MAY 1 2015...

CLIMATE NORMAL PERIOD 1981 TO 2010
CLIMATE RECORD PERIOD 1902 TO 2015


WEATHER ITEM   OBSERVED TIME   RECORD YEAR NORMAL DEPARTURE LAST
                VALUE   (LST)  VALUE       VALUE  FROM      YEAR
                                                  NORMAL
..................................................................
TEMPERATURE (F)
 YESTERDAY
  MAXIMUM         75    250 PM  91    1952  74      1       61
  MINIMUM         42    254 AM  30    1960  52    -10       35
  AVERAGE         59                        63     -4       48

PRECIPITATION (IN)
  YESTERDAY        0.00          3.12 1977   0.19  -0.19     0.00
  MONTH TO DATE    0.00                      0.19  -0.19     0.00
  SINCE MAR 1      5.78                      8.08  -2.30     3.13
  SINCE JAN 1      7.30                     12.43  -5.13     3.98

DEGREE DAYS
 HEATING
  YESTERDAY        6                         4      2       17
  MONTH TO DATE    6                         4      2       17
  SINCE MAR 1    693                       753    -60      946
  SINCE JUL 1   4229                      4007    222     4795

 COOLING
  YESTERDAY        0                         2     -2        0
  MONTH TO DATE    0                         2     -2        0
  SINCE MAR 1     35                        55    -20       23
  SINCE JAN 1     35                        56    -21       23
..................................................................


WIND (MPH)
  HIGHEST WIND SPEED    15   HIGHEST WIND DIRECTION    SE (140)
  HIGHEST GUST SPEED    19   HIGHEST GUST DIRECTION    SE (140)
  AVERAGE WIND SPEED     4.8


SKY COVER
  AVERAGE SKY COVER 0.0


WEATHER CONDITIONS
 THE FOLLOWING WEATHER WAS RECORDED YESTERDAY.
  NO SIGNIFICANT WEATHER WAS OBSERVED.


RELATIVE HUMIDITY (PERCENT)
 HIGHEST    89           300 AM
 LOWEST     29           200 PM
 AVERAGE    59

..........................................................


THE JOPLIN MO CLIMATE NORMALS FOR TODAY
                         NORMAL    RECORD    YEAR
 MAXIMUM TEMPERATURE (F)   75        89      1968
 MINIMUM TEMPERATURE (F)   52        31      1961


SUNRISE AND SUNSET
MAY  2 2015...........SUNRISE   623 AM CDT   SUNSET   808 PM CDT
MAY  3 2015...........SUNRISE   621 AM CDT   SUNSET   809 PM CDT


-  INDICATES NEGATIVE NUMBERS.
R  INDICATES RECORD WAS SET OR TIED.
MM INDICATES DATA IS MISSING.
T  INDICATES TRACE AMOUNT.




$$
