000
CDUS43 KSGF 152127
CLIJLN


CLIMATE REPORT
NATIONAL WEATHER SERVICE SPRINGFIELD MO
427 PM CDT WED APR 15 2015


...................................

...THE JOPLIN MO CLIMATE SUMMARY FOR APRIL 15 2015...
VALID AS OF 0400 PM LOCAL TIME.

CLIMATE NORMAL PERIOD 1981 TO 2010
CLIMATE RECORD PERIOD 1902 TO 2015


WEATHER ITEM   OBSERVED TIME   RECORD YEAR NORMAL DEPARTURE LAST
                VALUE   (LST)  VALUE       VALUE  FROM      YEAR
                                                  NORMAL
..................................................................
TEMPERATURE (F)
 TODAY
  MAXIMUM         64    224 PM  86    2006  70     -6       57
                                      2002
  MINIMUM         50    636 AM  25    2014  47      3       25
  AVERAGE         57                        58     -1       41

PRECIPITATION (IN)
  TODAY            0.11          1.34 1973   0.15  -0.04     0.00
  MONTH TO DATE    2.23                      1.94   0.29     0.55
  SINCE MAR 1      4.06                      5.36  -1.30     2.43
  SINCE JAN 1      5.58                      9.71  -4.13     3.28

DEGREE DAYS
 HEATING
  TODAY            8                         8      0       24
  MONTH TO DATE  100                       149    -49      176
  SINCE MAR 1    590                       657    -67      839
  SINCE JUL 1   4126                      3911    215     4688

 COOLING
  TODAY            0                         1     -1        0
  MONTH TO DATE   32                        15     17       10
  SINCE MAR 1     32                        24      8       10
  SINCE JAN 1     32                        25      7       10
..................................................................


WIND (MPH)
  HIGHEST WIND SPEED    10   HIGHEST WIND DIRECTION    SE (120)
  HIGHEST GUST SPEED    21   HIGHEST GUST DIRECTION    SE (150)


SKY COVER
  AVERAGE SKY COVER 1.0


WEATHER CONDITIONS
 THE FOLLOWING WEATHER WAS RECORDED TODAY.
  LIGHT RAIN
  FOG


RELATIVE HUMIDITY (PERCENT)
 HIGHEST   100           800 AM
 LOWEST     71          1200 AM
 AVERAGE    86

..........................................................


THE JOPLIN MO CLIMATE NORMALS FOR TOMORROW
                         NORMAL    RECORD    YEAR
 MAXIMUM TEMPERATURE (F)   70        91      2006
 MINIMUM TEMPERATURE (F)   47        29      1953


SUNRISE AND SUNSET
APRIL 15 2015.........SUNRISE   644 AM CDT   SUNSET   753 PM CDT
APRIL 16 2015.........SUNRISE   643 AM CDT   SUNSET   754 PM CDT


-  INDICATES NEGATIVE NUMBERS.
R  INDICATES RECORD WAS SET OR TIED.
MM INDICATES DATA IS MISSING.
T  INDICATES TRACE AMOUNT.




$$
