000
CDUS43 KSGF 280628
CLIJLN


CLIMATE REPORT
NATIONAL WEATHER SERVICE SPRINGFIELD MO
128 AM CDT TUE APR 28 2015


...................................

...THE JOPLIN MO CLIMATE SUMMARY FOR APRIL 27 2015...

CLIMATE NORMAL PERIOD 1981 TO 2010
CLIMATE RECORD PERIOD 1902 TO 2015


WEATHER ITEM   OBSERVED TIME   RECORD YEAR NORMAL DEPARTURE LAST
                VALUE   (LST)  VALUE       VALUE  FROM      YEAR
                                                  NORMAL
..................................................................
TEMPERATURE (F)
 YESTERDAY
  MAXIMUM         65    219 PM  88    1989  73     -8       81
  MINIMUM         47    444 AM  34    1988  51     -4       64
  AVERAGE         56                        62     -6       73

PRECIPITATION (IN)
  YESTERDAY        0.00          0.87 1990   0.17  -0.17     0.02
  MONTH TO DATE    3.95                      3.91   0.04     1.23
  SINCE MAR 1      5.78                      7.33  -1.55     3.11
  SINCE JAN 1      7.30                     11.68  -4.38     3.96

DEGREE DAYS
 HEATING
  YESTERDAY        9                         5      4        0
  MONTH TO DATE  173                       227    -54      231
  SINCE MAR 1    663                       735    -72      894
  SINCE JUL 1   4199                      3989    210     4743

 COOLING
  YESTERDAY        0                         2     -2        8
  MONTH TO DATE   35                        38     -3       23
  SINCE MAR 1     35                        47    -12       23
  SINCE JAN 1     35                        48    -13       23
..................................................................


WIND (MPH)
  HIGHEST WIND SPEED    25   HIGHEST WIND DIRECTION     E (90)
  HIGHEST GUST SPEED    33   HIGHEST GUST DIRECTION     E (90)
  AVERAGE WIND SPEED    10.3


SKY COVER
  AVERAGE SKY COVER 0.1


WEATHER CONDITIONS
 THE FOLLOWING WEATHER WAS RECORDED YESTERDAY.
  NO SIGNIFICANT WEATHER WAS OBSERVED.


RELATIVE HUMIDITY (PERCENT)
 HIGHEST    82           400 AM
 LOWEST     34          1200 PM
 AVERAGE    58

..........................................................


THE JOPLIN MO CLIMATE NORMALS FOR TODAY
                         NORMAL    RECORD    YEAR
 MAXIMUM TEMPERATURE (F)   74        86      1970
 MINIMUM TEMPERATURE (F)   51        34      1979


SUNRISE AND SUNSET
APRIL 28 2015.........SUNRISE   627 AM CDT   SUNSET   804 PM CDT
APRIL 29 2015.........SUNRISE   626 AM CDT   SUNSET   805 PM CDT


-  INDICATES NEGATIVE NUMBERS.
R  INDICATES RECORD WAS SET OR TIED.
MM INDICATES DATA IS MISSING.
T  INDICATES TRACE AMOUNT.




$$
