000
CDUS43 KSGF 200627
CLIJLN


CLIMATE REPORT
NATIONAL WEATHER SERVICE SPRINGFIELD MO
127 AM CDT MON APR 20 2015


...................................

...THE JOPLIN MO CLIMATE SUMMARY FOR APRIL 19 2015...

CLIMATE NORMAL PERIOD 1981 TO 2010
CLIMATE RECORD PERIOD 1902 TO 2015


WEATHER ITEM   OBSERVED TIME   RECORD YEAR NORMAL DEPARTURE LAST
                VALUE   (LST)  VALUE       VALUE  FROM      YEAR
                                                  NORMAL
..................................................................
TEMPERATURE (F)
 YESTERDAY
  MAXIMUM         67    422 PM  93    1987  71     -4       76
  MINIMUM         50   1154 PM  31    1953  48      2       51
                                      1988
  AVERAGE         59                        60     -1       64

PRECIPITATION (IN)
  YESTERDAY        0.14          1.31 1976   0.15  -0.01     0.00
  MONTH TO DATE    3.74                      2.54   1.20     0.55
  SINCE MAR 1      5.57                      5.96  -0.39     2.43
  SINCE JAN 1      7.09                     10.31  -3.22     3.28

DEGREE DAYS
 HEATING
  YESTERDAY        6                         7     -1        1
  MONTH TO DATE  105                       179    -74      214
  SINCE MAR 1    595                       687    -92      877
  SINCE JUL 1   4131                      3941    190     4726

 COOLING
  YESTERDAY        0                         2     -2        0
  MONTH TO DATE   34                        22     12       10
  SINCE MAR 1     34                        31      3       10
  SINCE JAN 1     34                        32      2       10
..................................................................


WIND (MPH)
  HIGHEST WIND SPEED    25   HIGHEST WIND DIRECTION     W (270)
  HIGHEST GUST SPEED    31   HIGHEST GUST DIRECTION     W (270)
  AVERAGE WIND SPEED    10.4


SKY COVER
  AVERAGE SKY COVER 0.5


WEATHER CONDITIONS
 THE FOLLOWING WEATHER WAS RECORDED YESTERDAY.
  THUNDERSTORM
  RAIN
  LIGHT RAIN
  FOG
  HAZE


RELATIVE HUMIDITY (PERCENT)
 HIGHEST    93          1200 AM
 LOWEST     58           300 PM
 AVERAGE    76

..........................................................


THE JOPLIN MO CLIMATE NORMALS FOR TODAY
                         NORMAL    RECORD    YEAR
 MAXIMUM TEMPERATURE (F)   72        92      1987
 MINIMUM TEMPERATURE (F)   48        29      1953


SUNRISE AND SUNSET
APRIL 20 2015.........SUNRISE   637 AM CDT   SUNSET   757 PM CDT
APRIL 21 2015.........SUNRISE   636 AM CDT   SUNSET   758 PM CDT


-  INDICATES NEGATIVE NUMBERS.
R  INDICATES RECORD WAS SET OR TIED.
MM INDICATES DATA IS MISSING.
T  INDICATES TRACE AMOUNT.




$$
