000
CDUS43 KSGF 060631
CLISGF


CLIMATE REPORT
NATIONAL WEATHER SERVICE SPRINGFIELD MO
131 AM CDT WED MAY 6 2015


...................................

...THE SPRINGFIELD MO CLIMATE SUMMARY FOR MAY 5 2015...

CLIMATE NORMAL PERIOD 1981 TO 2010
CLIMATE RECORD PERIOD 1888 TO 2015


WEATHER ITEM   OBSERVED TIME   RECORD YEAR NORMAL DEPARTURE LAST
                VALUE   (LST)  VALUE       VALUE  FROM      YEAR
                                                  NORMAL
..................................................................
TEMPERATURE (F)
 YESTERDAY
  MAXIMUM         81    345 PM  91    2014  73      8       91
  MINIMUM         59    229 AM  33    1979  51      8       68
  AVERAGE         70                        62      8       80

PRECIPITATION (IN)
  YESTERDAY        T             1.63 1907   0.18  -0.18     0.00
  MONTH TO DATE    T                         0.89  -0.89     0.00
  SINCE MAR 1      6.57                      8.83  -2.26     4.41
  SINCE JAN 1      9.17                     13.82  -4.65     6.20

SNOWFALL (IN)
  YESTERDAY        0.0
  MONTH TO DATE    0.0
  SINCE MAR 1      1.2
  SINCE JUL 1     15.8
  SNOW DEPTH       0

DEGREE DAYS
 HEATING
  YESTERDAY        0                         5     -5        0
  MONTH TO DATE    8                        26    -18       35
  SINCE MAR 1    773                       907   -134      988
  SINCE JUL 1   4480                      4500    -20     4943

 COOLING
  YESTERDAY        5                         1      4       15
  MONTH TO DATE   16                         5     11       22
  SINCE MAR 1     38                        30      8       36
  SINCE JAN 1     38                        30      8       36
..................................................................


WIND (MPH)
  HIGHEST WIND SPEED    23   HIGHEST WIND DIRECTION    SE (150)
  HIGHEST GUST SPEED    31   HIGHEST GUST DIRECTION     S (160)
  AVERAGE WIND SPEED    12.4


SKY COVER
  AVERAGE SKY COVER 0.3


WEATHER CONDITIONS
 THE FOLLOWING WEATHER WAS RECORDED YESTERDAY.
  LIGHT RAIN


RELATIVE HUMIDITY (PERCENT)
 HIGHEST    78           100 AM
 LOWEST     42           400 PM
 AVERAGE    60

..........................................................


THE SPRINGFIELD MO CLIMATE NORMALS FOR TODAY
                         NORMAL    RECORD    YEAR
 MAXIMUM TEMPERATURE (F)   73        90      1952
 MINIMUM TEMPERATURE (F)   51        29      1944


SUNRISE AND SUNSET
MAY  6 2015...........SUNRISE   614 AM CDT   SUNSET   807 PM CDT
MAY  7 2015...........SUNRISE   613 AM CDT   SUNSET   808 PM CDT


-  INDICATES NEGATIVE NUMBERS.
R  INDICATES RECORD WAS SET OR TIED.
MM INDICATES DATA IS MISSING.
T  INDICATES TRACE AMOUNT.




$$
