000
CDUS43 KSGF 302226
CLISGF


CLIMATE REPORT
NATIONAL WEATHER SERVICE SPRINGFIELD MO
526 PM CDT MON MAR 30 2015


...................................

...THE SPRINGFIELD MO CLIMATE SUMMARY FOR MARCH 30 2015...
VALID TODAY AS OF 0500 PM LOCAL TIME.

CLIMATE NORMAL PERIOD 1981 TO 2010
CLIMATE RECORD PERIOD 1888 TO 2015


WEATHER ITEM   OBSERVED TIME   RECORD YEAR NORMAL DEPARTURE LAST
                VALUE   (LST)  VALUE       VALUE  FROM      YEAR
                                                  NORMAL
..................................................................
TEMPERATURE (F)
 TODAY
  MAXIMUM         71    356 PM  82    1963  62      9       71
  MINIMUM         32    632 AM  12    1964  39     -7       31
  AVERAGE         52                        51      1       51

PRECIPITATION (IN)
  TODAY            0.00          1.61 1908   0.13  -0.13     0.00
  MONTH TO DATE    3.38                      3.48  -0.10     2.33
  SINCE MAR 1      3.38                      3.48  -0.10     2.33
  SINCE JAN 1      5.98                      8.47  -2.49     4.12

SNOWFALL (IN)
  TODAY            0.0
  MONTH TO DATE    1.2
  SINCE MAR 1      1.2
  SINCE JUL 1     15.8
  SNOW DEPTH       0

DEGREE DAYS
 HEATING
  TODAY           13                        15     -2       14
  MONTH TO DATE  543                       566    -23      675
  SINCE MAR 1    543                       566    -23      675
  SINCE JUL 1   4250                      4159     91     4630

 COOLING
  TODAY            0                         0      0        0
  MONTH TO DATE    0                         0      0        0
  SINCE MAR 1      0                         0      0        0
  SINCE JAN 1      0                         0      0        0
..................................................................


WIND (MPH)
  HIGHEST WIND SPEED    15   HIGHEST WIND DIRECTION    SW (210)
  HIGHEST GUST SPEED    20   HIGHEST GUST DIRECTION    SE (140)


SKY COVER
  AVERAGE SKY COVER 0.0


WEATHER CONDITIONS
 THE FOLLOWING WEATHER WAS RECORDED TODAY.
  FOG
  FOG W/VISIBILITY <= 1/4 MILE


RELATIVE HUMIDITY (PERCENT)
 HIGHEST    96           400 AM
 LOWEST     22           300 PM
 AVERAGE    59

..........................................................


THE SPRINGFIELD MO CLIMATE NORMALS FOR TOMORROW
                         NORMAL    RECORD    YEAR
 MAXIMUM TEMPERATURE (F)   62        87      1974
 MINIMUM TEMPERATURE (F)   40        16      1923


SUNRISE AND SUNSET
MARCH 30 2015.........SUNRISE   702 AM CDT   SUNSET   734 PM CDT
MARCH 31 2015.........SUNRISE   701 AM CDT   SUNSET   735 PM CDT


-  INDICATES NEGATIVE NUMBERS.
R  INDICATES RECORD WAS SET OR TIED.
MM INDICATES DATA IS MISSING.
T  INDICATES TRACE AMOUNT.




$$
