000
CDUS43 KSGF 250627
CLISGF


CLIMATE REPORT
NATIONAL WEATHER SERVICE SPRINGFIELD MO
127 AM CDT SAT APR 25 2015


...................................

...THE SPRINGFIELD MO CLIMATE SUMMARY FOR APRIL 24 2015...

CLIMATE NORMAL PERIOD 1981 TO 2010
CLIMATE RECORD PERIOD 1888 TO 2015


WEATHER ITEM   OBSERVED TIME   RECORD YEAR NORMAL DEPARTURE LAST
                VALUE   (LST)  VALUE       VALUE  FROM      YEAR
                                                  NORMAL
..................................................................
TEMPERATURE (F)
 YESTERDAY
  MAXIMUM         59   1159 PM  86    1989  70    -11       78
  MINIMUM         50   1030 AM  28    1910  47      3       50
  AVERAGE         55                        58     -3       64

PRECIPITATION (IN)
  YESTERDAY        0.10          2.96 1947   0.17  -0.07     0.51
  MONTH TO DATE    3.19                      3.32  -0.13     1.52
  SINCE MAR 1      6.57                      6.94  -0.37     3.85
  SINCE JAN 1      9.17                     11.93  -2.76     5.64

SNOWFALL (IN)
  YESTERDAY        0.0
  MONTH TO DATE    0.0
  SINCE MAR 1      1.2
  SINCE JUL 1     15.8
  SNOW DEPTH       0

DEGREE DAYS
 HEATING
  YESTERDAY       10                         8      2        1
  MONTH TO DATE  172                       261    -89      226
  SINCE MAR 1    719                       842   -123      907
  SINCE JUL 1   4426                      4435     -9     4862

 COOLING
  YESTERDAY        0                         1     -1        0
  MONTH TO DATE   22                        17      5        8
  SINCE MAR 1     22                        20      2        8
  SINCE JAN 1     22                        20      2        8
..................................................................


WIND (MPH)
  HIGHEST WIND SPEED    28   HIGHEST WIND DIRECTION    SE (140)
  HIGHEST GUST SPEED    35   HIGHEST GUST DIRECTION    SE (140)
  AVERAGE WIND SPEED    18.4


SKY COVER
  AVERAGE SKY COVER 0.6


WEATHER CONDITIONS
 THE FOLLOWING WEATHER WAS RECORDED YESTERDAY.
  THUNDERSTORM
  HEAVY RAIN
  LIGHT RAIN
  FOG


RELATIVE HUMIDITY (PERCENT)
 HIGHEST    93          1000 PM
 LOWEST     43          1200 AM
 AVERAGE    68

..........................................................


THE SPRINGFIELD MO CLIMATE NORMALS FOR TODAY
                         NORMAL    RECORD    YEAR
 MAXIMUM TEMPERATURE (F)   70        85      1984
 MINIMUM TEMPERATURE (F)   48        29      1910


SUNRISE AND SUNSET
APRIL 25 2015.........SUNRISE   626 AM CDT   SUNSET   757 PM CDT
APRIL 26 2015.........SUNRISE   625 AM CDT   SUNSET   758 PM CDT


-  INDICATES NEGATIVE NUMBERS.
R  INDICATES RECORD WAS SET OR TIED.
MM INDICATES DATA IS MISSING.
T  INDICATES TRACE AMOUNT.




$$
