000
CDUS43 KSGF 140628
CLISGF


CLIMATE REPORT
NATIONAL WEATHER SERVICE SPRINGFIELD MO
127 AM CDT TUE APR 14 2015


...................................

...THE SPRINGFIELD MO CLIMATE SUMMARY FOR APRIL 13 2015...

CLIMATE NORMAL PERIOD 1981 TO 2010
CLIMATE RECORD PERIOD 1888 TO 2015


WEATHER ITEM   OBSERVED TIME   RECORD YEAR NORMAL DEPARTURE LAST
                VALUE   (LST)  VALUE       VALUE  FROM      YEAR
                                                  NORMAL
..................................................................
TEMPERATURE (F)
 YESTERDAY
  MAXIMUM         64    420 AM  89    1972  67     -3       71
  MINIMUM         55   1159 PM  18    1957  43     12       46
  AVERAGE         60                        55      5       59

PRECIPITATION (IN)
  YESTERDAY        0.08          1.81 1987   0.13  -0.05     0.39
  MONTH TO DATE    1.78                      1.67   0.11     0.84
  SINCE MAR 1      5.16                      5.29  -0.13     3.17
  SINCE JAN 1      7.76                     10.28  -2.52     4.96

SNOWFALL (IN)
  YESTERDAY        0.0
  MONTH TO DATE    0.0
  SINCE MAR 1      1.2
  SINCE JUL 1     15.8
  SNOW DEPTH       0

DEGREE DAYS
 HEATING
  YESTERDAY        5                        11     -6        6
  MONTH TO DATE   90                       162    -72      125
  SINCE MAR 1    637                       743   -106      806
  SINCE JUL 1   4344                      4336      8     4761

 COOLING
  YESTERDAY        0                         1     -1        0
  MONTH TO DATE   20                         6     14        7
  SINCE MAR 1     20                         9     11        7
  SINCE JAN 1     20                         9     11        7
..................................................................


WIND (MPH)
  HIGHEST WIND SPEED    26   HIGHEST WIND DIRECTION     N (340)
  HIGHEST GUST SPEED    33   HIGHEST GUST DIRECTION     N (350)
  AVERAGE WIND SPEED    11.8


SKY COVER
  AVERAGE SKY COVER 0.8


WEATHER CONDITIONS
 THE FOLLOWING WEATHER WAS RECORDED YESTERDAY.
  RAIN
  LIGHT RAIN
  FOG


RELATIVE HUMIDITY (PERCENT)
 HIGHEST    87           700 AM
 LOWEST     42           500 PM
 AVERAGE    65

..........................................................


THE SPRINGFIELD MO CLIMATE NORMALS FOR TODAY
                         NORMAL    RECORD    YEAR
 MAXIMUM TEMPERATURE (F)   67        88      1936
 MINIMUM TEMPERATURE (F)   44        26      1950
                                             1928


SUNRISE AND SUNSET
APRIL 14 2015.........SUNRISE   641 AM CDT   SUNSET   748 PM CDT
APRIL 15 2015.........SUNRISE   639 AM CDT   SUNSET   748 PM CDT


-  INDICATES NEGATIVE NUMBERS.
R  INDICATES RECORD WAS SET OR TIED.
MM INDICATES DATA IS MISSING.
T  INDICATES TRACE AMOUNT.




$$
