000
CDUS43 KSGF 270627
CLISGF


CLIMATE REPORT
NATIONAL WEATHER SERVICE SPRINGFIELD MO
126 AM CDT MON APR 27 2015


...................................

...THE SPRINGFIELD MO CLIMATE SUMMARY FOR APRIL 26 2015...

CLIMATE NORMAL PERIOD 1981 TO 2010
CLIMATE RECORD PERIOD 1888 TO 2015


WEATHER ITEM   OBSERVED TIME   RECORD YEAR NORMAL DEPARTURE LAST
                VALUE   (LST)  VALUE       VALUE  FROM      YEAR
                                                  NORMAL
..................................................................
TEMPERATURE (F)
 YESTERDAY
  MAXIMUM         56    548 PM  88    1989  70    -14       81
  MINIMUM         48    915 PM  30    1976  48      0       50
  AVERAGE         52                        59     -7       66

PRECIPITATION (IN)
  YESTERDAY        0.00          1.74 2013   0.16  -0.16     0.01
  MONTH TO DATE    3.19                      3.64  -0.45     1.53
  SINCE MAR 1      6.57                      7.26  -0.69     3.86
  SINCE JAN 1      9.17                     12.25  -3.08     5.65

SNOWFALL (IN)
  YESTERDAY        0.0
  MONTH TO DATE    0.0
  SINCE MAR 1      1.2
  SINCE JUL 1     15.8
  SNOW DEPTH       0

DEGREE DAYS
 HEATING
  YESTERDAY       13                         7      6        0
  MONTH TO DATE  185                       275    -90      232
  SINCE MAR 1    732                       856   -124      913
  SINCE JUL 1   4439                      4449    -10     4868

 COOLING
  YESTERDAY        0                         1     -1        1
  MONTH TO DATE   22                        19      3        9
  SINCE MAR 1     22                        22      0        9
  SINCE JAN 1     22                        22      0        9
..................................................................


WIND (MPH)
  HIGHEST WIND SPEED    16   HIGHEST WIND DIRECTION    NE (50)
  HIGHEST GUST SPEED    20   HIGHEST GUST DIRECTION    NE (40)
  AVERAGE WIND SPEED    10.9


SKY COVER
  AVERAGE SKY COVER 0.8


WEATHER CONDITIONS
 THE FOLLOWING WEATHER WAS RECORDED YESTERDAY.
  FOG


RELATIVE HUMIDITY (PERCENT)
 HIGHEST    93           100 AM
 LOWEST     59          1100 PM
 AVERAGE    76

..........................................................


THE SPRINGFIELD MO CLIMATE NORMALS FOR TODAY
                         NORMAL    RECORD    YEAR
 MAXIMUM TEMPERATURE (F)   71        91      1989
 MINIMUM TEMPERATURE (F)   48        33      1967


SUNRISE AND SUNSET
APRIL 27 2015.........SUNRISE   624 AM CDT   SUNSET   759 PM CDT
APRIL 28 2015.........SUNRISE   623 AM CDT   SUNSET   800 PM CDT


-  INDICATES NEGATIVE NUMBERS.
R  INDICATES RECORD WAS SET OR TIED.
MM INDICATES DATA IS MISSING.
T  INDICATES TRACE AMOUNT.




$$
