000
CDUS43 KSGF 030632
CLISGF


CLIMATE REPORT
NATIONAL WEATHER SERVICE SPRINGFIELD MO
132 AM CDT SUN MAY 3 2015


...................................

...THE SPRINGFIELD MO CLIMATE SUMMARY FOR MAY 2 2015...

CLIMATE NORMAL PERIOD 1981 TO 2010
CLIMATE RECORD PERIOD 1888 TO 2015


WEATHER ITEM   OBSERVED TIME   RECORD YEAR NORMAL DEPARTURE LAST
                VALUE   (LST)  VALUE       VALUE  FROM      YEAR
                                                  NORMAL
..................................................................
TEMPERATURE (F)
 YESTERDAY
  MAXIMUM         77    324 PM  85    1968  72      5       65
                                      1955
                                      1943
  MINIMUM         48    534 AM  30    1970  50     -2       37
                                      1961
  AVERAGE         63                        61      2       51

PRECIPITATION (IN)
  YESTERDAY        0.00          2.24 1946   0.18  -0.18     0.00
  MONTH TO DATE    0.00                      0.35  -0.35     0.00
  SINCE MAR 1      6.57                      8.29  -1.72     4.41
  SINCE JAN 1      9.17                     13.28  -4.11     6.20

SNOWFALL (IN)
  YESTERDAY        0.0
  MONTH TO DATE    0.0
  SINCE MAR 1      1.2
  SINCE JUL 1     15.8
  SNOW DEPTH       0

DEGREE DAYS
 HEATING
  YESTERDAY        2                         5     -3       14
  MONTH TO DATE    8                        11     -3       33
  SINCE MAR 1    773                       892   -119      986
  SINCE JUL 1   4480                      4485     -5     4941

 COOLING
  YESTERDAY        0                         1     -1        0
  MONTH TO DATE    0                         2     -2        0
  SINCE MAR 1     22                        27     -5       14
  SINCE JAN 1     22                        27     -5       14
..................................................................


WIND (MPH)
  HIGHEST WIND SPEED    15   HIGHEST WIND DIRECTION    SW (230)
  HIGHEST GUST SPEED    22   HIGHEST GUST DIRECTION     S (200)
  AVERAGE WIND SPEED     8.9


SKY COVER
  AVERAGE SKY COVER 0.0


WEATHER CONDITIONS
 THE FOLLOWING WEATHER WAS RECORDED YESTERDAY.
  NO SIGNIFICANT WEATHER WAS OBSERVED.


RELATIVE HUMIDITY (PERCENT)
 HIGHEST    74          1200 AM
 LOWEST     36          1200 PM
 AVERAGE    55

..........................................................


THE SPRINGFIELD MO CLIMATE NORMALS FOR TODAY
                         NORMAL    RECORD    YEAR
 MAXIMUM TEMPERATURE (F)   72        88      1952
 MINIMUM TEMPERATURE (F)   50        31      2005
                                             1907


SUNRISE AND SUNSET
MAY  3 2015...........SUNRISE   617 AM CDT   SUNSET   805 PM CDT
MAY  4 2015...........SUNRISE   616 AM CDT   SUNSET   805 PM CDT


-  INDICATES NEGATIVE NUMBERS.
R  INDICATES RECORD WAS SET OR TIED.
MM INDICATES DATA IS MISSING.
T  INDICATES TRACE AMOUNT.




$$
