000
CDUS43 KSGF 302227
CLISGF


CLIMATE REPORT
NATIONAL WEATHER SERVICE SPRINGFIELD MO
526 PM CDT THU APR 30 2015


...................................

...THE SPRINGFIELD MO CLIMATE SUMMARY FOR APRIL 30 2015...
VALID TODAY AS OF 0500 PM LOCAL TIME.

CLIMATE NORMAL PERIOD 1981 TO 2010
CLIMATE RECORD PERIOD 1888 TO 2015


WEATHER ITEM   OBSERVED TIME   RECORD YEAR NORMAL DEPARTURE LAST
                VALUE   (LST)  VALUE       VALUE  FROM      YEAR
                                                  NORMAL
..................................................................
TEMPERATURE (F)
 TODAY
  MAXIMUM         73    359 PM  90    1987  71      2       54
                                      1952
  MINIMUM         44    600 AM  32    1907  49     -5       38
                                      1903
  AVERAGE         59                        60     -1       46

PRECIPITATION (IN)
  TODAY            0.00          3.42 1970   0.18  -0.18      T
  MONTH TO DATE    3.19                      4.32  -1.13     2.08
  SINCE MAR 1      6.57                      7.94  -1.37     4.41
  SINCE JAN 1      9.17                     12.93  -3.76     6.20

SNOWFALL (IN)
  TODAY            0.0
  MONTH TO DATE    0.0
  SINCE MAR 1      1.2
  SINCE JUL 1     15.8
  SNOW DEPTH       0

DEGREE DAYS
 HEATING
  TODAY            6                         6      0       19
  MONTH TO DATE  218                       300    -82      272
  SINCE MAR 1    765                       881   -116      953
  SINCE JUL 1   4472                      4474     -2     4908

 COOLING
  TODAY            0                         1     -1        0
  MONTH TO DATE   22                        22      0       14
  SINCE MAR 1     22                        25     -3       14
  SINCE JAN 1     22                        25     -3       14
..................................................................


WIND (MPH)
  HIGHEST WIND SPEED    20   HIGHEST WIND DIRECTION     N (350)
  HIGHEST GUST SPEED    25   HIGHEST GUST DIRECTION     N (360)


SKY COVER
  AVERAGE SKY COVER 0.0


WEATHER CONDITIONS
 THE FOLLOWING WEATHER WAS RECORDED TODAY.
  NO SIGNIFICANT WEATHER WAS OBSERVED.


RELATIVE HUMIDITY (PERCENT)
 HIGHEST    83           400 AM
 LOWEST     23           300 PM
 AVERAGE    53

..........................................................


THE SPRINGFIELD MO CLIMATE NORMALS FOR TOMORROW
                         NORMAL    RECORD    YEAR
 MAXIMUM TEMPERATURE (F)   72        89      1959
 MINIMUM TEMPERATURE (F)   50        30      1909


SUNRISE AND SUNSET
APRIL 30 2015.........SUNRISE   620 AM CDT   SUNSET   802 PM CDT
MAY  1 2015...........SUNRISE   619 AM CDT   SUNSET   803 PM CDT


-  INDICATES NEGATIVE NUMBERS.
R  INDICATES RECORD WAS SET OR TIED.
MM INDICATES DATA IS MISSING.
T  INDICATES TRACE AMOUNT.




$$
