000
CDUS43 KSGF 152226
CLISGF


CLIMATE REPORT
NATIONAL WEATHER SERVICE SPRINGFIELD MO
526 PM CDT WED APR 15 2015


...................................

...THE SPRINGFIELD MO CLIMATE SUMMARY FOR APRIL 15 2015...
VALID TODAY AS OF 0500 PM LOCAL TIME.

CLIMATE NORMAL PERIOD 1981 TO 2010
CLIMATE RECORD PERIOD 1888 TO 2015


WEATHER ITEM   OBSERVED TIME   RECORD YEAR NORMAL DEPARTURE LAST
                VALUE   (LST)  VALUE       VALUE  FROM      YEAR
                                                  NORMAL
..................................................................
TEMPERATURE (F)
 TODAY
  MAXIMUM         59    359 PM  87    1924  67     -8       54
  MINIMUM         51    518 AM  25    2014  44      7       25
                                      1928
  AVERAGE         55                        56     -1       40

PRECIPITATION (IN)
  TODAY            0.45          3.02 1933   0.14   0.31     0.00
  MONTH TO DATE    2.23                      1.94   0.29     0.84
  SINCE MAR 1      5.61                      5.56   0.05     3.17
  SINCE JAN 1      8.21                     10.55  -2.34     4.96

SNOWFALL (IN)
  TODAY            0.0
  MONTH TO DATE    0.0
  SINCE MAR 1      1.2
  SINCE JUL 1     15.8
  SNOW DEPTH       0

DEGREE DAYS
 HEATING
  TODAY           10                        10      0       25
  MONTH TO DATE  105                       182    -77      177
  SINCE MAR 1    652                       763   -111      858
  SINCE JUL 1   4359                      4356      3     4813

 COOLING
  TODAY            0                         1     -1        0
  MONTH TO DATE   20                         8     12        7
  SINCE MAR 1     20                        11      9        7
  SINCE JAN 1     20                        11      9        7
..................................................................


WIND (MPH)
  HIGHEST WIND SPEED    16   HIGHEST WIND DIRECTION    SE (130)
  HIGHEST GUST SPEED    20   HIGHEST GUST DIRECTION    SE (120)


SKY COVER
  AVERAGE SKY COVER 1.0


WEATHER CONDITIONS
 THE FOLLOWING WEATHER WAS RECORDED TODAY.
  RAIN
  LIGHT RAIN
  FOG


RELATIVE HUMIDITY (PERCENT)
 HIGHEST    93          1000 AM
 LOWEST     51           100 AM
 AVERAGE    72

..........................................................


THE SPRINGFIELD MO CLIMATE NORMALS FOR TOMORROW
                         NORMAL    RECORD    YEAR
 MAXIMUM TEMPERATURE (F)   68        86      2006
                                             1982
 MINIMUM TEMPERATURE (F)   44        27      1953
                                             1921


SUNRISE AND SUNSET
APRIL 15 2015.........SUNRISE   639 AM CDT   SUNSET   748 PM CDT
APRIL 16 2015.........SUNRISE   638 AM CDT   SUNSET   749 PM CDT


-  INDICATES NEGATIVE NUMBERS.
R  INDICATES RECORD WAS SET OR TIED.
MM INDICATES DATA IS MISSING.
T  INDICATES TRACE AMOUNT.




$$
