000
CDUS43 KSGF 120736
CLISGF


CLIMATE REPORT
NATIONAL WEATHER SERVICE SPRINGFIELD MO
128 AM CDT SUN APR 12 2015


...................................

...THE SPRINGFIELD MO CLIMATE SUMMARY FOR APRIL 11 2015...

CLIMATE NORMAL PERIOD 1981 TO 2010
CLIMATE RECORD PERIOD 1888 TO 2015


WEATHER ITEM   OBSERVED TIME   RECORD YEAR NORMAL DEPARTURE LAST
                VALUE   (LST)  VALUE       VALUE  FROM      YEAR
                                                  NORMAL
..................................................................
TEMPERATURE (F)
 YESTERDAY
  MAXIMUM         69    419 PM  84    1996  66      3       77
                                      1972
                                      1930
  MINIMUM         44    206 AM  23    1989  43      1       50
  AVERAGE         57                        54      3       64

PRECIPITATION (IN)
  YESTERDAY        T             2.48 1979   0.14  -0.14     0.00
  MONTH TO DATE    1.70                      1.41   0.29     0.45
  SINCE MAR 1      5.08                      5.03   0.05     2.78
  SINCE JAN 1      7.68                     10.02  -2.34     4.57

SNOWFALL (IN)
  YESTERDAY        0.0
  MONTH TO DATE    0.0
  SINCE MAR 1      1.2
  SINCE JUL 1     15.8
  SNOW DEPTH       0

DEGREE DAYS
 HEATING
  YESTERDAY        8                        11     -3        1
  MONTH TO DATE   85                       140    -55      119
  SINCE MAR 1    632                       721    -89      800
  SINCE JUL 1   4339                      4314     25     4755

 COOLING
  YESTERDAY        0                         1     -1        0
  MONTH TO DATE   18                         4     14        2
  SINCE MAR 1     18                         7     11        2
  SINCE JAN 1     18                         7     11        2
..................................................................


WIND (MPH)
  HIGHEST WIND SPEED    22   HIGHEST WIND DIRECTION    SE (150)
  HIGHEST GUST SPEED    30   HIGHEST GUST DIRECTION    SE (150)
  AVERAGE WIND SPEED     8.4


SKY COVER
  AVERAGE SKY COVER 0.4


WEATHER CONDITIONS
 THE FOLLOWING WEATHER WAS RECORDED YESTERDAY.
  LIGHT RAIN


RELATIVE HUMIDITY (PERCENT)
 HIGHEST    80           600 AM
 LOWEST     32           400 PM
 AVERAGE    56

..........................................................


THE SPRINGFIELD MO CLIMATE NORMALS FOR TODAY
                         NORMAL    RECORD    YEAR
 MAXIMUM TEMPERATURE (F)   66        89      1972
 MINIMUM TEMPERATURE (F)   43        22      1940


SUNRISE AND SUNSET
APRIL 12 2015.........SUNRISE   644 AM CDT   SUNSET   746 PM CDT
APRIL 13 2015.........SUNRISE   642 AM CDT   SUNSET   747 PM CDT


-  INDICATES NEGATIVE NUMBERS.
R  INDICATES RECORD WAS SET OR TIED.
MM INDICATES DATA IS MISSING.
T  INDICATES TRACE AMOUNT.




$$
