000
CDUS43 KSGF 252128
CLISGF


CLIMATE REPORT
NATIONAL WEATHER SERVICE SPRINGFIELD MO
428 PM CDT SAT APR 25 2015


...................................

...THE SPRINGFIELD MO CLIMATE SUMMARY FOR APRIL 25 2015...
VALID AS OF 0400 PM LOCAL TIME.

CLIMATE NORMAL PERIOD 1981 TO 2010
CLIMATE RECORD PERIOD 1888 TO 2015


WEATHER ITEM   OBSERVED TIME   RECORD YEAR NORMAL DEPARTURE LAST
                VALUE   (LST)  VALUE       VALUE  FROM      YEAR
                                                  NORMAL
..................................................................
TEMPERATURE (F)
 TODAY
  MAXIMUM         74    113 PM  85    1984  70      4       76
  MINIMUM         58    617 AM  29    1910  48     10       42
  AVERAGE         66                        59      7       59

PRECIPITATION (IN)
  TODAY            0.00          2.31 2011   0.16  -0.16     0.00
  MONTH TO DATE    3.19                      3.48  -0.29     1.52
  SINCE MAR 1      6.57                      7.10  -0.53     3.85
  SINCE JAN 1      9.17                     12.09  -2.92     5.64

SNOWFALL (IN)
  TODAY            0.0
  MONTH TO DATE    0.0
  SINCE MAR 1      1.2
  SINCE JUL 1     15.8
  SNOW DEPTH       0

DEGREE DAYS
 HEATING
  TODAY            0                         7     -7        6
  MONTH TO DATE  172                       268    -96      232
  SINCE MAR 1    719                       849   -130      913
  SINCE JUL 1   4426                      4442    -16     4868

 COOLING
  TODAY            1                         1      0        0
  MONTH TO DATE   23                        18      5        8
  SINCE MAR 1     23                        21      2        8
  SINCE JAN 1     23                        21      2        8
..................................................................


WIND (MPH)
  HIGHEST WIND SPEED    26   HIGHEST WIND DIRECTION     W (280)
  HIGHEST GUST SPEED    35   HIGHEST GUST DIRECTION     W (280)


SKY COVER
  AVERAGE SKY COVER 0.6


WEATHER CONDITIONS
 THE FOLLOWING WEATHER WAS RECORDED TODAY.
  NO SIGNIFICANT WEATHER WAS OBSERVED.


RELATIVE HUMIDITY (PERCENT)
 HIGHEST    93          1200 AM
 LOWEST     46           100 PM
 AVERAGE    70

..........................................................


THE SPRINGFIELD MO CLIMATE NORMALS FOR TOMORROW
                         NORMAL    RECORD    YEAR
 MAXIMUM TEMPERATURE (F)   70        88      1989
 MINIMUM TEMPERATURE (F)   48        30      1976


SUNRISE AND SUNSET
APRIL 25 2015.........SUNRISE   626 AM CDT   SUNSET   757 PM CDT
APRIL 26 2015.........SUNRISE   625 AM CDT   SUNSET   758 PM CDT


-  INDICATES NEGATIVE NUMBERS.
R  INDICATES RECORD WAS SET OR TIED.
MM INDICATES DATA IS MISSING.
T  INDICATES TRACE AMOUNT.




$$
