000
CDUS43 KSGF 010627
CLISGF


CLIMATE REPORT
NATIONAL WEATHER SERVICE SPRINGFIELD MO
126 AM CDT WED APR 1 2015


...................................

...THE SPRINGFIELD MO CLIMATE SUMMARY FOR MARCH 31 2015...

CLIMATE NORMAL PERIOD 1981 TO 2010
CLIMATE RECORD PERIOD 1888 TO 2015


WEATHER ITEM   OBSERVED TIME   RECORD YEAR NORMAL DEPARTURE LAST
                VALUE   (LST)  VALUE       VALUE  FROM      YEAR
                                                  NORMAL
..................................................................
TEMPERATURE (F)
 YESTERDAY
  MAXIMUM         77    348 PM  87    1974  62     15       67
  MINIMUM         45   1205 AM  16    1923  40      5       51
  AVERAGE         61                        51     10       59

PRECIPITATION (IN)
  YESTERDAY        0.00          3.35 1927   0.14  -0.14      T
  MONTH TO DATE    3.38                      3.62  -0.24     2.33
  SINCE MAR 1      3.38                      3.62  -0.24     2.33
  SINCE JAN 1      5.98                      8.61  -2.63     4.12

SNOWFALL (IN)
  YESTERDAY        0.0
  MONTH TO DATE    1.2
  SINCE MAR 1      1.2
  SINCE JUL 1     15.8
  SNOW DEPTH       0

DEGREE DAYS
 HEATING
  YESTERDAY        4                        14    -10        6
  MONTH TO DATE  547                       580    -33      681
  SINCE MAR 1    547                       581    -34      681
  SINCE JUL 1   4254                      4174     80     4636

 COOLING
  YESTERDAY        0                         0      0        0
  MONTH TO DATE    0                         3     -3        0
  SINCE MAR 1      0                         3     -3        0
  SINCE JAN 1      0                         3     -3        0
..................................................................


WIND (MPH)
  HIGHEST WIND SPEED    15   HIGHEST WIND DIRECTION     N (340)
  HIGHEST GUST SPEED    23   HIGHEST GUST DIRECTION     W (280)
  AVERAGE WIND SPEED     5.8


SKY COVER
  AVERAGE SKY COVER 0.4


WEATHER CONDITIONS
 THE FOLLOWING WEATHER WAS RECORDED YESTERDAY.
  FOG
  HAZE


RELATIVE HUMIDITY (PERCENT)
 HIGHEST    84           900 AM
 LOWEST     39          1100 PM
 AVERAGE    62

..........................................................


THE SPRINGFIELD MO CLIMATE NORMALS FOR TODAY
                         NORMAL    RECORD    YEAR
 MAXIMUM TEMPERATURE (F)   63        92      1946
 MINIMUM TEMPERATURE (F)   40        22      1899


SUNRISE AND SUNSET
APRIL  1 2015.........SUNRISE   659 AM CDT   SUNSET   736 PM CDT
APRIL  2 2015.........SUNRISE   658 AM CDT   SUNSET   737 PM CDT


-  INDICATES NEGATIVE NUMBERS.
R  INDICATES RECORD WAS SET OR TIED.
MM INDICATES DATA IS MISSING.
T  INDICATES TRACE AMOUNT.




$$
