000
CDUS43 KSGF 162226
CLISGF


CLIMATE REPORT
NATIONAL WEATHER SERVICE SPRINGFIELD MO
526 PM CDT THU APR 16 2015


...................................

...THE SPRINGFIELD MO CLIMATE SUMMARY FOR APRIL 16 2015...
VALID TODAY AS OF 0500 PM LOCAL TIME.

CLIMATE NORMAL PERIOD 1981 TO 2010
CLIMATE RECORD PERIOD 1888 TO 2015


WEATHER ITEM   OBSERVED TIME   RECORD YEAR NORMAL DEPARTURE LAST
                VALUE   (LST)  VALUE       VALUE  FROM      YEAR
                                                  NORMAL
..................................................................
TEMPERATURE (F)
 TODAY
  MAXIMUM         72    354 PM  86    2006  68      4       63
                                      1982
  MINIMUM         52    159 AM  27    1953  44      8       39
                                      1921
  AVERAGE         62                        56      6       51

PRECIPITATION (IN)
  TODAY            0.00          1.54 1922   0.14  -0.14     0.00
  MONTH TO DATE    2.30                      2.08   0.22     0.84
  SINCE MAR 1      5.68                      5.70  -0.02     3.17
  SINCE JAN 1      8.28                     10.69  -2.41     4.96

SNOWFALL (IN)
  TODAY            0.0
  MONTH TO DATE    0.0
  SINCE MAR 1      1.2
  SINCE JUL 1     15.8
  SNOW DEPTH       0

DEGREE DAYS
 HEATING
  TODAY            3                        10     -7       14
  MONTH TO DATE  108                       192    -84      191
  SINCE MAR 1    655                       773   -118      872
  SINCE JUL 1   4362                      4366     -4     4827

 COOLING
  TODAY            0                         1     -1        0
  MONTH TO DATE   20                         9     11        7
  SINCE MAR 1     20                        12      8        7
  SINCE JAN 1     20                        12      8        7
..................................................................


WIND (MPH)
  HIGHEST WIND SPEED    13   HIGHEST WIND DIRECTION    SE (120)
  HIGHEST GUST SPEED    15   HIGHEST GUST DIRECTION     E (100)


SKY COVER
  AVERAGE SKY COVER 0.9


WEATHER CONDITIONS
 THE FOLLOWING WEATHER WAS RECORDED TODAY.
  FOG
  FOG W/VISIBILITY <= 1/4 MILE


RELATIVE HUMIDITY (PERCENT)
 HIGHEST   100           300 AM
 LOWEST     57           400 PM
 AVERAGE    79

..........................................................


THE SPRINGFIELD MO CLIMATE NORMALS FOR TOMORROW
                         NORMAL    RECORD    YEAR
 MAXIMUM TEMPERATURE (F)   68        87      1937
 MINIMUM TEMPERATURE (F)   45        27      1921


SUNRISE AND SUNSET
APRIL 16 2015.........SUNRISE   638 AM CDT   SUNSET   749 PM CDT
APRIL 17 2015.........SUNRISE   637 AM CDT   SUNSET   750 PM CDT


-  INDICATES NEGATIVE NUMBERS.
R  INDICATES RECORD WAS SET OR TIED.
MM INDICATES DATA IS MISSING.
T  INDICATES TRACE AMOUNT.




$$
