000
CDUS43 KSGF 282227
CLISGF


CLIMATE REPORT
NATIONAL WEATHER SERVICE SPRINGFIELD MO
527 PM CDT TUE APR 28 2015


...................................

...THE SPRINGFIELD MO CLIMATE SUMMARY FOR APRIL 28 2015...
VALID TODAY AS OF 0500 PM LOCAL TIME.

CLIMATE NORMAL PERIOD 1981 TO 2010
CLIMATE RECORD PERIOD 1888 TO 2015


WEATHER ITEM   OBSERVED TIME   RECORD YEAR NORMAL DEPARTURE LAST
                VALUE   (LST)  VALUE       VALUE  FROM      YEAR
                                                  NORMAL
..................................................................
TEMPERATURE (F)
 TODAY
  MAXIMUM         67    353 PM  87    1899  71     -4       68
                                      1894
  MINIMUM         39    348 AM  31    1973  49    -10       51
  AVERAGE         53                        60     -7       60

PRECIPITATION (IN)
  TODAY            0.00          2.19 1996   0.16  -0.16      T
  MONTH TO DATE    3.19                      3.97  -0.78     2.06
  SINCE MAR 1      6.57                      7.59  -1.02     4.39
  SINCE JAN 1      9.17                     12.58  -3.41     6.18

SNOWFALL (IN)
  TODAY            0.0
  MONTH TO DATE    0.0
  SINCE MAR 1      1.2
  SINCE JUL 1     15.8
  SNOW DEPTH       0

DEGREE DAYS
 HEATING
  TODAY           12                         6      6        5
  MONTH TO DATE  206                       288    -82      237
  SINCE MAR 1    753                       869   -116      918
  SINCE JUL 1   4460                      4462     -2     4873

 COOLING
  TODAY            0                         1     -1        0
  MONTH TO DATE   22                        21      1       14
  SINCE MAR 1     22                        24     -2       14
  SINCE JAN 1     22                        24     -2       14
..................................................................


WIND (MPH)
  HIGHEST WIND SPEED    18   HIGHEST WIND DIRECTION     N (340)
  HIGHEST GUST SPEED    23   HIGHEST GUST DIRECTION     N (20)


SKY COVER
  AVERAGE SKY COVER 0.1


WEATHER CONDITIONS
 THE FOLLOWING WEATHER WAS RECORDED TODAY.
  NO SIGNIFICANT WEATHER WAS OBSERVED.


RELATIVE HUMIDITY (PERCENT)
 HIGHEST    83           700 AM
 LOWEST     37           100 PM
 AVERAGE    60

..........................................................


THE SPRINGFIELD MO CLIMATE NORMALS FOR TOMORROW
                         NORMAL    RECORD    YEAR
 MAXIMUM TEMPERATURE (F)   71        89      1899
 MINIMUM TEMPERATURE (F)   49        31      2008


SUNRISE AND SUNSET
APRIL 28 2015.........SUNRISE   623 AM CDT   SUNSET   800 PM CDT
APRIL 29 2015.........SUNRISE   621 AM CDT   SUNSET   801 PM CDT


-  INDICATES NEGATIVE NUMBERS.
R  INDICATES RECORD WAS SET OR TIED.
MM INDICATES DATA IS MISSING.
T  INDICATES TRACE AMOUNT.




$$
