000
CDUS43 KSGF 122226
CLISGF


CLIMATE REPORT
NATIONAL WEATHER SERVICE SPRINGFIELD MO
525 PM CDT SUN APR 12 2015


...................................

...THE SPRINGFIELD MO CLIMATE SUMMARY FOR APRIL 12 2015...
VALID TODAY AS OF 0500 PM LOCAL TIME.

CLIMATE NORMAL PERIOD 1981 TO 2010
CLIMATE RECORD PERIOD 1888 TO 2015


WEATHER ITEM   OBSERVED TIME   RECORD YEAR NORMAL DEPARTURE LAST
                VALUE   (LST)  VALUE       VALUE  FROM      YEAR
                                                  NORMAL
..................................................................
TEMPERATURE (F)
 TODAY
  MAXIMUM         78    300 PM  89    1972  66     12       80
  MINIMUM         56    609 AM  22    1940  43     13       59
  AVERAGE         67                        55     12       70

PRECIPITATION (IN)
  TODAY            T             2.31 1945   0.13  -0.13     0.00
  MONTH TO DATE    1.70                      1.54   0.16     0.45
  SINCE MAR 1      5.08                      5.16  -0.08     2.78
  SINCE JAN 1      7.68                     10.15  -2.47     4.57

SNOWFALL (IN)
  TODAY            0.0
  MONTH TO DATE    0.0
  SINCE MAR 1      1.2
  SINCE JUL 1     15.8
  SNOW DEPTH       0

DEGREE DAYS
 HEATING
  TODAY            0                        11    -11        0
  MONTH TO DATE   85                       151    -66      119
  SINCE MAR 1    632                       732   -100      800
  SINCE JUL 1   4339                      4325     14     4755

 COOLING
  TODAY            2                         1      1        5
  MONTH TO DATE   20                         5     15        7
  SINCE MAR 1     20                         8     12        7
  SINCE JAN 1     20                         8     12        7
..................................................................


WIND (MPH)
  HIGHEST WIND SPEED    24   HIGHEST WIND DIRECTION     S (170)
  HIGHEST GUST SPEED    30   HIGHEST GUST DIRECTION     S (180)


SKY COVER
  AVERAGE SKY COVER 0.3


WEATHER CONDITIONS
 THE FOLLOWING WEATHER WAS RECORDED TODAY.
  LIGHT RAIN


RELATIVE HUMIDITY (PERCENT)
 HIGHEST    57           100 AM
 LOWEST     43           300 PM
 AVERAGE    50

..........................................................


THE SPRINGFIELD MO CLIMATE NORMALS FOR TOMORROW
                         NORMAL    RECORD    YEAR
 MAXIMUM TEMPERATURE (F)   67        89      1972
 MINIMUM TEMPERATURE (F)   43        18      1957


SUNRISE AND SUNSET
APRIL 12 2015.........SUNRISE   644 AM CDT   SUNSET   746 PM CDT
APRIL 13 2015.........SUNRISE   642 AM CDT   SUNSET   747 PM CDT


-  INDICATES NEGATIVE NUMBERS.
R  INDICATES RECORD WAS SET OR TIED.
MM INDICATES DATA IS MISSING.
T  INDICATES TRACE AMOUNT.




$$
