000
CDUS43 KSGF 300625
CLISGF


CLIMATE REPORT
NATIONAL WEATHER SERVICE SPRINGFIELD MO
125 AM CDT THU APR 30 2015


...................................

...THE SPRINGFIELD MO CLIMATE SUMMARY FOR APRIL 29 2015...

CLIMATE NORMAL PERIOD 1981 TO 2010
CLIMATE RECORD PERIOD 1888 TO 2015


WEATHER ITEM   OBSERVED TIME   RECORD YEAR NORMAL DEPARTURE LAST
                VALUE   (LST)  VALUE       VALUE  FROM      YEAR
                                                  NORMAL
..................................................................
TEMPERATURE (F)
 YESTERDAY
  MAXIMUM         75    248 PM  89    1899  71      4       54
  MINIMUM         42    547 AM  31    2008  49     -7       44
  AVERAGE         59                        60     -1       49

PRECIPITATION (IN)
  YESTERDAY        0.00          2.51 1983   0.17  -0.17     0.02
  MONTH TO DATE    3.19                      4.14  -0.95     2.08
  SINCE MAR 1      6.57                      7.76  -1.19     4.41
  SINCE JAN 1      9.17                     12.75  -3.58     6.20

SNOWFALL (IN)
  YESTERDAY        0.0
  MONTH TO DATE    0.0
  SINCE MAR 1      1.2
  SINCE JUL 1     15.8
  SNOW DEPTH       0

DEGREE DAYS
 HEATING
  YESTERDAY        6                         6      0       16
  MONTH TO DATE  212                       294    -82      253
  SINCE MAR 1    759                       875   -116      934
  SINCE JUL 1   4466                      4468     -2     4889

 COOLING
  YESTERDAY        0                         1     -1        0
  MONTH TO DATE   22                        22      0       14
  SINCE MAR 1     22                        25     -3       14
  SINCE JAN 1     22                        25     -3       14
..................................................................


WIND (MPH)
  HIGHEST WIND SPEED    17   HIGHEST WIND DIRECTION     N (340)
  HIGHEST GUST SPEED    23   HIGHEST GUST DIRECTION    NW (330)
  AVERAGE WIND SPEED     5.1


SKY COVER
  AVERAGE SKY COVER 0.1


WEATHER CONDITIONS
 THE FOLLOWING WEATHER WAS RECORDED YESTERDAY.
  NO SIGNIFICANT WEATHER WAS OBSERVED.


RELATIVE HUMIDITY (PERCENT)
 HIGHEST    82           300 AM
 LOWEST     27           100 PM
 AVERAGE    55

..........................................................


THE SPRINGFIELD MO CLIMATE NORMALS FOR TODAY
                         NORMAL    RECORD    YEAR
 MAXIMUM TEMPERATURE (F)   71        90      1987
                                             1952
 MINIMUM TEMPERATURE (F)   49        32      1907
                                             1903


SUNRISE AND SUNSET
APRIL 30 2015.........SUNRISE   620 AM CDT   SUNSET   802 PM CDT
MAY  1 2015...........SUNRISE   619 AM CDT   SUNSET   803 PM CDT


-  INDICATES NEGATIVE NUMBERS.
R  INDICATES RECORD WAS SET OR TIED.
MM INDICATES DATA IS MISSING.
T  INDICATES TRACE AMOUNT.




$$
