000
CDUS43 KSGF 110636
CLISGF


CLIMATE REPORT
NATIONAL WEATHER SERVICE SPRINGFIELD MO
136 AM CDT SAT APR 11 2015


...................................

...THE SPRINGFIELD MO CLIMATE SUMMARY FOR APRIL 10 2015...

CLIMATE NORMAL PERIOD 1981 TO 2010
CLIMATE RECORD PERIOD 1888 TO 2015


WEATHER ITEM   OBSERVED TIME   RECORD YEAR NORMAL DEPARTURE LAST
                VALUE   (LST)  VALUE       VALUE  FROM      YEAR
                                                  NORMAL
..................................................................
TEMPERATURE (F)
 YESTERDAY
  MAXIMUM         66    432 PM  87    1930  66      0       81
  MINIMUM         38    600 AM  24    1989  42     -4       53
  AVERAGE         52                        54     -2       67

PRECIPITATION (IN)
  YESTERDAY        0.00          2.31 1994   0.13  -0.13     0.00
  MONTH TO DATE    1.70                      1.27   0.43     0.45
  SINCE MAR 1      5.08                      4.89   0.19     2.78
  SINCE JAN 1      7.68                      9.88  -2.20     4.57

SNOWFALL (IN)
  YESTERDAY        0.0
  MONTH TO DATE    0.0
  SINCE MAR 1      1.2
  SINCE JUL 1     15.8
  SNOW DEPTH       0

DEGREE DAYS
 HEATING
  YESTERDAY       13                        12      1        0
  MONTH TO DATE   77                       129    -52      118
  SINCE MAR 1    624                       710    -86      799
  SINCE JUL 1   4331                      4303     28     4754

 COOLING
  YESTERDAY        0                         1     -1        2
  MONTH TO DATE   18                         3     15        2
  SINCE MAR 1     18                         6     12        2
  SINCE JAN 1     18                         6     12        2
..................................................................


WIND (MPH)
  HIGHEST WIND SPEED    14   HIGHEST WIND DIRECTION     W (260)
  HIGHEST GUST SPEED    26   HIGHEST GUST DIRECTION    SW (230)
  AVERAGE WIND SPEED     5.4


SKY COVER
  AVERAGE SKY COVER 0.0


WEATHER CONDITIONS
 THE FOLLOWING WEATHER WAS RECORDED YESTERDAY.
  NO SIGNIFICANT WEATHER WAS OBSERVED.


RELATIVE HUMIDITY (PERCENT)
 HIGHEST    79           200 AM
 LOWEST     31           200 PM
 AVERAGE    55

..........................................................


THE SPRINGFIELD MO CLIMATE NORMALS FOR TODAY
                         NORMAL    RECORD    YEAR
 MAXIMUM TEMPERATURE (F)   66        84      1996
                                             1972
                                             1930
 MINIMUM TEMPERATURE (F)   43        23      1989


SUNRISE AND SUNSET
APRIL 11 2015.........SUNRISE   645 AM CDT   SUNSET   745 PM CDT
APRIL 12 2015.........SUNRISE   644 AM CDT   SUNSET   746 PM CDT


-  INDICATES NEGATIVE NUMBERS.
R  INDICATES RECORD WAS SET OR TIED.
MM INDICATES DATA IS MISSING.
T  INDICATES TRACE AMOUNT.




$$
