000
CDUS43 KSGF 172226
CLISGF


CLIMATE REPORT
NATIONAL WEATHER SERVICE SPRINGFIELD MO
526 PM CDT FRI APR 17 2015


...................................

...THE SPRINGFIELD MO CLIMATE SUMMARY FOR APRIL 17 2015...
VALID TODAY AS OF 0500 PM LOCAL TIME.

CLIMATE NORMAL PERIOD 1981 TO 2010
CLIMATE RECORD PERIOD 1888 TO 2015


WEATHER ITEM   OBSERVED TIME   RECORD YEAR NORMAL DEPARTURE LAST
                VALUE   (LST)  VALUE       VALUE  FROM      YEAR
                                                  NORMAL
..................................................................
TEMPERATURE (F)
 TODAY
  MAXIMUM         77    351 PM  87    1937  68      9       64
  MINIMUM         57    551 AM  27    1921  45     12       40
  AVERAGE         67                        56     11       52

PRECIPITATION (IN)
  TODAY            T             1.23 1901   0.15  -0.15     0.00
  MONTH TO DATE    2.30                      2.23   0.07     0.84
  SINCE MAR 1      5.68                      5.85  -0.17     3.17
  SINCE JAN 1      8.28                     10.84  -2.56     4.96

SNOWFALL (IN)
  TODAY            0.0
  MONTH TO DATE    0.0
  SINCE MAR 1      1.2
  SINCE JUL 1     15.8
  SNOW DEPTH       0

DEGREE DAYS
 HEATING
  TODAY            0                        10    -10       13
  MONTH TO DATE  107                       202    -95      204
  SINCE MAR 1    654                       783   -129      885
  SINCE JUL 1   4361                      4376    -15     4840

 COOLING
  TODAY            2                         1      1        0
  MONTH TO DATE   22                        10     12        7
  SINCE MAR 1     22                        13      9        7
  SINCE JAN 1     22                        13      9        7
..................................................................


WIND (MPH)
  HIGHEST WIND SPEED    14   HIGHEST WIND DIRECTION    SE (130)
  HIGHEST GUST SPEED    17   HIGHEST GUST DIRECTION    SE (130)


SKY COVER
  AVERAGE SKY COVER 0.1


WEATHER CONDITIONS
 THE FOLLOWING WEATHER WAS RECORDED TODAY.
  NO SIGNIFICANT WEATHER WAS OBSERVED.


RELATIVE HUMIDITY (PERCENT)
 HIGHEST    93           400 AM
 LOWEST     50           400 PM
 AVERAGE    72

..........................................................


THE SPRINGFIELD MO CLIMATE NORMALS FOR TOMORROW
                         NORMAL    RECORD    YEAR
 MAXIMUM TEMPERATURE (F)   68        92      2006
 MINIMUM TEMPERATURE (F)   45        26      1953


SUNRISE AND SUNSET
APRIL 17 2015.........SUNRISE   637 AM CDT   SUNSET   750 PM CDT
APRIL 18 2015.........SUNRISE   635 AM CDT   SUNSET   751 PM CDT


-  INDICATES NEGATIVE NUMBERS.
R  INDICATES RECORD WAS SET OR TIED.
MM INDICATES DATA IS MISSING.
T  INDICATES TRACE AMOUNT.




$$
