000
CDUS43 KSGF 050635
CLIUNO


CLIMATE REPORT
NATIONAL WEATHER SERVICE SPRINGFIELD MO
134 AM CDT TUE MAY 5 2015


...................................

...THE WEST PLAINS MO CLIMATE SUMMARY FOR MAY 4 2015...

CLIMATE NORMAL PERIOD 1981 TO 2010
CLIMATE RECORD PERIOD 1947 TO 2015


WEATHER ITEM   OBSERVED TIME   RECORD YEAR NORMAL DEPARTURE LAST
                VALUE   (LST)  VALUE       VALUE  FROM      YEAR
                                                  NORMAL
..................................................................
TEMPERATURE (F)
 YESTERDAY
  MAXIMUM         81    349 PM  91    1952  74      7       90
  MINIMUM         58    227 AM  30    1954  51      7       47
  AVERAGE         70                        62      8       69

PRECIPITATION (IN)
  YESTERDAY        0.00          2.04 1999   0.22  -0.22     0.00
  MONTH TO DATE    0.00                      0.83  -0.83     0.00
  SINCE MAR 1      5.36                      9.60  -4.24     7.32
  SINCE JAN 1     10.04                     15.16  -5.12     9.17

DEGREE DAYS
 HEATING
  YESTERDAY        0                         4     -4        0
  MONTH TO DATE   19                        17      2       32
  SINCE MAR 1    787                       815    -28      986
  SINCE JUL 1   4584                      4279    305     4784

 COOLING
  YESTERDAY        5                         1      4        4
  MONTH TO DATE    9                         4      5        4
  SINCE MAR 1     25                        32     -7       13
  SINCE JAN 1     25                        32     -7       13
..................................................................


WIND (MPH)
  HIGHEST WIND SPEED    15   HIGHEST WIND DIRECTION     S (170)
  HIGHEST GUST SPEED    22   HIGHEST GUST DIRECTION    SW (210)
  AVERAGE WIND SPEED     7.2


SKY COVER
  AVERAGE SKY COVER 0.2


WEATHER CONDITIONS
 THE FOLLOWING WEATHER WAS RECORDED YESTERDAY.
  NO SIGNIFICANT WEATHER WAS OBSERVED.


RELATIVE HUMIDITY (PERCENT)
 HIGHEST    78           200 AM
 LOWEST     36           400 PM
 AVERAGE    57

..........................................................


THE WEST PLAINS MO CLIMATE NORMALS FOR TODAY
                         NORMAL    RECORD    YEAR
 MAXIMUM TEMPERATURE (F)   74        91      1952
 MINIMUM TEMPERATURE (F)   51        34      2005


SUNRISE AND SUNSET
MAY  5 2015...........SUNRISE   609 AM CDT   SUNSET   800 PM CDT
MAY  6 2015...........SUNRISE   608 AM CDT   SUNSET   801 PM CDT


-  INDICATES NEGATIVE NUMBERS.
R  INDICATES RECORD WAS SET OR TIED.
MM INDICATES DATA IS MISSING.
T  INDICATES TRACE AMOUNT.




$$
