000
CDUS43 KSGF 310628
CLIUNO


CLIMATE REPORT
NATIONAL WEATHER SERVICE SPRINGFIELD MO
127 AM CDT TUE MAR 31 2015


...................................

...THE WEST PLAINS MO CLIMATE SUMMARY FOR MARCH 30 2015...

CLIMATE NORMAL PERIOD 1981 TO 2010
CLIMATE RECORD PERIOD 1947 TO 2015


WEATHER ITEM   OBSERVED TIME   RECORD YEAR NORMAL DEPARTURE LAST
                VALUE   (LST)  VALUE       VALUE  FROM      YEAR
                                                  NORMAL
..................................................................
TEMPERATURE (F)
 YESTERDAY
  MAXIMUM         69    331 PM  82    1963  65      4       65
  MINIMUM         38    624 AM  13    1964  40     -2       29
  AVERAGE         54                        52      2       47

PRECIPITATION (IN)
  YESTERDAY        0.00          3.66 1985   0.18  -0.18     0.00
  MONTH TO DATE    4.03                      4.12  -0.09     3.17
  SINCE MAR 1      4.03                      4.12  -0.09     3.17
  SINCE JAN 1      8.71                      9.68  -0.97     5.02

DEGREE DAYS
 HEATING
  YESTERDAY       11                        13     -2       18
  MONTH TO DATE  558                       533     25      692
  SINCE MAR 1    558                       533     25      692
  SINCE JUL 1   4355                      3997    358     4490

 COOLING
  YESTERDAY        0                         0      0        0
  MONTH TO DATE    0                         0      0        0
  SINCE MAR 1      0                         0      0        0
  SINCE JAN 1      0                         0      0        0
..................................................................


WIND (MPH)
  HIGHEST WIND SPEED    13   HIGHEST WIND DIRECTION     S (190)
  HIGHEST GUST SPEED    19   HIGHEST GUST DIRECTION    SW (240)
  AVERAGE WIND SPEED     5.7


SKY COVER
  AVERAGE SKY COVER 0.0


WEATHER CONDITIONS
 THE FOLLOWING WEATHER WAS RECORDED YESTERDAY.
  NO SIGNIFICANT WEATHER WAS OBSERVED.


RELATIVE HUMIDITY (PERCENT)
 HIGHEST    82           700 AM
 LOWEST     24           100 PM
 AVERAGE    53

..........................................................


THE WEST PLAINS MO CLIMATE NORMALS FOR TODAY
                         NORMAL    RECORD    YEAR
 MAXIMUM TEMPERATURE (F)   65        85      1991
 MINIMUM TEMPERATURE (F)   41        20      1994


SUNRISE AND SUNSET
MARCH 31 2015.........SUNRISE   655 AM CDT   SUNSET   729 PM CDT
APRIL  1 2015.........SUNRISE   654 AM CDT   SUNSET   730 PM CDT


-  INDICATES NEGATIVE NUMBERS.
R  INDICATES RECORD WAS SET OR TIED.
MM INDICATES DATA IS MISSING.
T  INDICATES TRACE AMOUNT.




$$
