000
CDUS43 KSGF 010632
CLIUNO


CLIMATE REPORT
NATIONAL WEATHER SERVICE SPRINGFIELD MO
132 AM CDT FRI MAY 1 2015


...................................

...THE WEST PLAINS MO CLIMATE SUMMARY FOR APRIL 30 2015...

CLIMATE NORMAL PERIOD 1981 TO 2010
CLIMATE RECORD PERIOD 1947 TO 2015


WEATHER ITEM   OBSERVED TIME   RECORD YEAR NORMAL DEPARTURE LAST
                VALUE   (LST)  VALUE       VALUE  FROM      YEAR
                                                  NORMAL
..................................................................
TEMPERATURE (F)
 YESTERDAY
  MAXIMUM         74    250 PM  90    1987  73      1       57
  MINIMUM         46    413 AM  35    1963  49     -3       41
  AVERAGE         60                        61     -1       49

PRECIPITATION (IN)
  YESTERDAY        0.00          2.58 1994   0.16  -0.16      T
  MONTH TO DATE    1.33                      4.48  -3.15     4.10
  SINCE MAR 1      5.36                      8.77  -3.41     7.32
  SINCE JAN 1     10.04                     14.33  -4.29     9.17

DEGREE DAYS
 HEATING
  YESTERDAY        5                         5      0       16
  MONTH TO DATE  209                       252    -43      252
  SINCE MAR 1    768                       798    -30      954
  SINCE JUL 1   4565                      4262    303     4752

 COOLING
  YESTERDAY        0                         1     -1        0
  MONTH TO DATE   16                        24     -8        9
  SINCE MAR 1     16                        28    -12        9
  SINCE JAN 1     16                        28    -12        9
..................................................................


WIND (MPH)
  HIGHEST WIND SPEED    18   HIGHEST WIND DIRECTION    NW (320)
  HIGHEST GUST SPEED    25   HIGHEST GUST DIRECTION     N (340)
  AVERAGE WIND SPEED     7.0


SKY COVER
  AVERAGE SKY COVER 0.1


WEATHER CONDITIONS
 THE FOLLOWING WEATHER WAS RECORDED YESTERDAY.
  NO SIGNIFICANT WEATHER WAS OBSERVED.


RELATIVE HUMIDITY (PERCENT)
 HIGHEST    71           400 AM
 LOWEST     23           200 PM
 AVERAGE    47

..........................................................


THE WEST PLAINS MO CLIMATE NORMALS FOR TODAY
                         NORMAL    RECORD    YEAR
 MAXIMUM TEMPERATURE (F)   74        90      1959
 MINIMUM TEMPERATURE (F)   50        28      1960
                                             1963


SUNRISE AND SUNSET
MAY  1 2015...........SUNRISE   614 AM CDT   SUNSET   756 PM CDT
MAY  2 2015...........SUNRISE   613 AM CDT   SUNSET   757 PM CDT


-  INDICATES NEGATIVE NUMBERS.
R  INDICATES RECORD WAS SET OR TIED.
MM INDICATES DATA IS MISSING.
T  INDICATES TRACE AMOUNT.




$$
