000
CDUS43 KSGF 280628
CLIUNO


CLIMATE REPORT
NATIONAL WEATHER SERVICE SPRINGFIELD MO
128 AM CDT TUE APR 28 2015


...................................

...THE WEST PLAINS MO CLIMATE SUMMARY FOR APRIL 27 2015...

CLIMATE NORMAL PERIOD 1981 TO 2010
CLIMATE RECORD PERIOD 1947 TO 2015


WEATHER ITEM   OBSERVED TIME   RECORD YEAR NORMAL DEPARTURE LAST
                VALUE   (LST)  VALUE       VALUE  FROM      YEAR
                                                  NORMAL
..................................................................
TEMPERATURE (F)
 YESTERDAY
  MAXIMUM         66        MM  87    1989  73     -7       73
  MINIMUM         43        MM  33    1953  49     -6       60
                                      1992
  AVERAGE         55                        61     -6       67

PRECIPITATION (IN)
  YESTERDAY        0.00          1.39 1969   0.16  -0.16     0.62
  MONTH TO DATE    1.33                      4.00  -2.67     4.02
  SINCE MAR 1      5.36                      8.29  -2.93     7.24
  SINCE JAN 1     10.04                     13.85  -3.81     9.09

DEGREE DAYS
 HEATING
  YESTERDAY       10                         5      5        0
  MONTH TO DATE  184                       237    -53      226
  SINCE MAR 1    743                       783    -40      928
  SINCE JUL 1   4540                      4247    293     4726

 COOLING
  YESTERDAY        0                         1     -1        2
  MONTH TO DATE   16                        22     -6        9
  SINCE MAR 1     16                        26    -10        9
  SINCE JAN 1     16                        26    -10        9
..................................................................


WIND (MPH)
  HIGHEST WIND SPEED    17   HIGHEST WIND DIRECTION     E (70)
  HIGHEST GUST SPEED    24   HIGHEST GUST DIRECTION    NE (60)
  AVERAGE WIND SPEED     9.0


SKY COVER
  AVERAGE SKY COVER 0.0


WEATHER CONDITIONS
 THE FOLLOWING WEATHER WAS RECORDED YESTERDAY.
  NO SIGNIFICANT WEATHER WAS OBSERVED.


RELATIVE HUMIDITY (PERCENT)
 HIGHEST    76           600 AM
 LOWEST     30           200 PM
 AVERAGE    53

..........................................................


THE WEST PLAINS MO CLIMATE NORMALS FOR TODAY
                         NORMAL    RECORD    YEAR
 MAXIMUM TEMPERATURE (F)   73        88      1970
 MINIMUM TEMPERATURE (F)   49        27      1992


SUNRISE AND SUNSET
APRIL 28 2015.........SUNRISE   617 AM CDT   SUNSET   754 PM CDT
APRIL 29 2015.........SUNRISE   616 AM CDT   SUNSET   754 PM CDT


-  INDICATES NEGATIVE NUMBERS.
R  INDICATES RECORD WAS SET OR TIED.
MM INDICATES DATA IS MISSING.
T  INDICATES TRACE AMOUNT.




$$
