000
CDUS43 KSGF 210629
CLIUNO


CLIMATE REPORT
NATIONAL WEATHER SERVICE SPRINGFIELD MO
129 AM CDT TUE APR 21 2015


...................................

...THE WEST PLAINS MO CLIMATE SUMMARY FOR APRIL 20 2015...

CLIMATE NORMAL PERIOD 1981 TO 2010
CLIMATE RECORD PERIOD 1947 TO 2015


WEATHER ITEM   OBSERVED TIME   RECORD YEAR NORMAL DEPARTURE LAST
                VALUE   (LST)  VALUE       VALUE  FROM      YEAR
                                                  NORMAL
..................................................................
TEMPERATURE (F)
 YESTERDAY
  MAXIMUM         62    153 PM  91    1987  71     -9       77
  MINIMUM         43   1159 PM  30    2013  46     -3       47
                                      1953
  AVERAGE         53                        59     -6       62

PRECIPITATION (IN)
  YESTERDAY        T             2.84 1992   0.16  -0.16     0.00
  MONTH TO DATE    0.64                      2.85  -2.21     3.35
  SINCE MAR 1      4.67                      7.14  -2.47     6.57
  SINCE JAN 1      9.35                     12.70  -3.35     8.42

DEGREE DAYS
 HEATING
  YESTERDAY       12                         7      5        3
  MONTH TO DATE  114                       194    -80      208
  SINCE MAR 1    673                       740    -67      910
  SINCE JUL 1   4470                      4204    266     4708

 COOLING
  YESTERDAY        0                         1     -1        0
  MONTH TO DATE   15                        15      0        7
  SINCE MAR 1     15                        19     -4        7
  SINCE JAN 1     15                        19     -4        7
..................................................................


WIND (MPH)
  HIGHEST WIND SPEED    23   HIGHEST WIND DIRECTION    NW (300)
  HIGHEST GUST SPEED    33   HIGHEST GUST DIRECTION    NW (300)
  AVERAGE WIND SPEED    11.2


SKY COVER
  AVERAGE SKY COVER 0.4


WEATHER CONDITIONS
 THE FOLLOWING WEATHER WAS RECORDED YESTERDAY.
  LIGHT RAIN


RELATIVE HUMIDITY (PERCENT)
 HIGHEST    89          1200 AM
 LOWEST     32           300 PM
 AVERAGE    61

..........................................................


THE WEST PLAINS MO CLIMATE NORMALS FOR TODAY
                         NORMAL    RECORD    YEAR
 MAXIMUM TEMPERATURE (F)   71        91      1963
 MINIMUM TEMPERATURE (F)   47        29      1953


SUNRISE AND SUNSET
APRIL 21 2015.........SUNRISE   626 AM CDT   SUNSET   747 PM CDT
APRIL 22 2015.........SUNRISE   625 AM CDT   SUNSET   748 PM CDT


-  INDICATES NEGATIVE NUMBERS.
R  INDICATES RECORD WAS SET OR TIED.
MM INDICATES DATA IS MISSING.
T  INDICATES TRACE AMOUNT.




$$
