000
CDUS43 KSGF 152127
CLIUNO


CLIMATE REPORT
NATIONAL WEATHER SERVICE SPRINGFIELD MO
427 PM CDT WED APR 15 2015


...................................

...THE WEST PLAINS MO CLIMATE SUMMARY FOR APRIL 15 2015...
VALID AS OF 0400 PM LOCAL TIME.

CLIMATE NORMAL PERIOD 1981 TO 2010
CLIMATE RECORD PERIOD 1947 TO 2015


WEATHER ITEM   OBSERVED TIME   RECORD YEAR NORMAL DEPARTURE LAST
                VALUE   (LST)  VALUE       VALUE  FROM      YEAR
                                                  NORMAL
..................................................................
TEMPERATURE (F)
 TODAY
  MAXIMUM         70    116 PM  84    1967  70      0       53
  MINIMUM         55    715 AM  25    1950  45     10       27
  AVERAGE         63                        57      6       40

PRECIPITATION (IN)
  TODAY           MM             1.53 1956   0.14  MM        0.00
  MONTH TO DATE    0.15                      2.06  -1.91     3.35
  SINCE MAR 1      4.18                      6.35  -2.17     6.57
  SINCE JAN 1      8.86                     11.91  -3.05     8.42

DEGREE DAYS
 HEATING
  TODAY            2                         9     -7       25
  MONTH TO DATE  100                       156    -56      161
  SINCE MAR 1    659                       702    -43      863
  SINCE JUL 1   4456                      4166    290     4661

 COOLING
  TODAY            0                         1     -1        0
  MONTH TO DATE   14                        10      4        7
  SINCE MAR 1     14                        14      0        7
  SINCE JAN 1     14                        14      0        7
..................................................................


WIND (MPH)
  HIGHEST WIND SPEED    13   HIGHEST WIND DIRECTION     E (90)
  HIGHEST GUST SPEED    17   HIGHEST GUST DIRECTION     E (90)


SKY COVER
  AVERAGE SKY COVER 1.0


WEATHER CONDITIONS
 THE FOLLOWING WEATHER WAS RECORDED TODAY.
  LIGHT RAIN
  FOG
  FOG W/VISIBILITY <= 1/4 MILE
  HAZE


RELATIVE HUMIDITY (PERCENT)
 HIGHEST    72           900 AM
 LOWEST     51          1200 AM
 AVERAGE    62

..........................................................


THE WEST PLAINS MO CLIMATE NORMALS FOR TOMORROW
                         NORMAL    RECORD    YEAR
 MAXIMUM TEMPERATURE (F)   70        88      2006
                                             1955
 MINIMUM TEMPERATURE (F)   45        24      1962


SUNRISE AND SUNSET
APRIL 15 2015.........SUNRISE   634 AM CDT   SUNSET   742 PM CDT
APRIL 16 2015.........SUNRISE   633 AM CDT   SUNSET   743 PM CDT


-  INDICATES NEGATIVE NUMBERS.
R  INDICATES RECORD WAS SET OR TIED.
MM INDICATES DATA IS MISSING.
T  INDICATES TRACE AMOUNT.




$$
