000
CDUS43 KSGF 300625
CLIUNO


CLIMATE REPORT
NATIONAL WEATHER SERVICE SPRINGFIELD MO
125 AM CDT THU APR 30 2015


...................................

...THE WEST PLAINS MO CLIMATE SUMMARY FOR APRIL 29 2015...

CLIMATE NORMAL PERIOD 1981 TO 2010
CLIMATE RECORD PERIOD 1947 TO 2015


WEATHER ITEM   OBSERVED TIME   RECORD YEAR NORMAL DEPARTURE LAST
                VALUE   (LST)  VALUE       VALUE  FROM      YEAR
                                                  NORMAL
..................................................................
TEMPERATURE (F)
 YESTERDAY
  MAXIMUM         74    231 PM  90    1952  73      1       65
  MINIMUM         40    348 AM  27    1992  49     -9       46
  AVERAGE         57                        61     -4       56

PRECIPITATION (IN)
  YESTERDAY        0.00          2.04 1991   0.17  -0.17     0.00
  MONTH TO DATE    1.33                      4.32  -2.99     4.10
  SINCE MAR 1      5.36                      8.61  -3.25     7.32
  SINCE JAN 1     10.04                     14.17  -4.13     9.17

DEGREE DAYS
 HEATING
  YESTERDAY        8                         5      3        9
  MONTH TO DATE  204                       247    -43      236
  SINCE MAR 1    763                       793    -30      938
  SINCE JUL 1   4560                      4257    303     4736

 COOLING
  YESTERDAY        0                         1     -1        0
  MONTH TO DATE   16                        24     -8        9
  SINCE MAR 1     16                        28    -12        9
  SINCE JAN 1     16                        28    -12        9
..................................................................


WIND (MPH)
  HIGHEST WIND SPEED    17   HIGHEST WIND DIRECTION    NW (330)
  HIGHEST GUST SPEED    26   HIGHEST GUST DIRECTION    NW (330)
  AVERAGE WIND SPEED     5.2


SKY COVER
  AVERAGE SKY COVER 0.3


WEATHER CONDITIONS
 THE FOLLOWING WEATHER WAS RECORDED YESTERDAY.
  NO SIGNIFICANT WEATHER WAS OBSERVED.


RELATIVE HUMIDITY (PERCENT)
 HIGHEST    82           100 AM
 LOWEST     27           300 PM
 AVERAGE    55

..........................................................


THE WEST PLAINS MO CLIMATE NORMALS FOR TODAY
                         NORMAL    RECORD    YEAR
 MAXIMUM TEMPERATURE (F)   73        90      1987
 MINIMUM TEMPERATURE (F)   49        35      1963


SUNRISE AND SUNSET
APRIL 30 2015.........SUNRISE   615 AM CDT   SUNSET   755 PM CDT
MAY  1 2015...........SUNRISE   614 AM CDT   SUNSET   756 PM CDT


-  INDICATES NEGATIVE NUMBERS.
R  INDICATES RECORD WAS SET OR TIED.
MM INDICATES DATA IS MISSING.
T  INDICATES TRACE AMOUNT.




$$
