000
CDUS43 KSGF 122127
CLIUNO


CLIMATE REPORT
NATIONAL WEATHER SERVICE SPRINGFIELD MO
426 PM CDT SUN APR 12 2015


...................................

...THE WEST PLAINS MO CLIMATE SUMMARY FOR APRIL 12 2015...
VALID AS OF 0400 PM LOCAL TIME.

CLIMATE NORMAL PERIOD 1981 TO 2010
CLIMATE RECORD PERIOD 1947 TO 2015


WEATHER ITEM   OBSERVED TIME   RECORD YEAR NORMAL DEPARTURE LAST
                VALUE   (LST)  VALUE       VALUE  FROM      YEAR
                                                  NORMAL
..................................................................
TEMPERATURE (F)
 TODAY
  MAXIMUM         77    237 PM  87    1972  69      8       76
  MINIMUM         50    627 AM  23    1990  44      6       60
  AVERAGE         64                        56      8       68

PRECIPITATION (IN)
  TODAY            0.00          1.71 1952   0.15  -0.15     0.00
  MONTH TO DATE    0.15                      1.63  -1.48     1.80
  SINCE MAR 1      4.18                      5.92  -1.74     5.02
  SINCE JAN 1      8.86                     11.48  -2.62     6.87

DEGREE DAYS
 HEATING
  TODAY            1                         9     -8        0
  MONTH TO DATE   86                       129    -43      111
  SINCE MAR 1    645                       675    -30      813
  SINCE JUL 1   4442                      4139    303     4611

 COOLING
  TODAY            0                         1     -1        3
  MONTH TO DATE   14                         7      7        7
  SINCE MAR 1     14                        11      3        7
  SINCE JAN 1     14                        11      3        7
..................................................................


WIND (MPH)
  HIGHEST WIND SPEED    17   HIGHEST WIND DIRECTION     S (160)
  HIGHEST GUST SPEED    25   HIGHEST GUST DIRECTION     S (170)


SKY COVER
  AVERAGE SKY COVER 0.2


WEATHER CONDITIONS
 THE FOLLOWING WEATHER WAS RECORDED TODAY.
  NO SIGNIFICANT WEATHER WAS OBSERVED.


RELATIVE HUMIDITY (PERCENT)
 HIGHEST    64           700 AM
 LOWEST     36          1100 AM
 AVERAGE    50

..........................................................


THE WEST PLAINS MO CLIMATE NORMALS FOR TOMORROW
                         NORMAL    RECORD    YEAR
 MAXIMUM TEMPERATURE (F)   69        90      1972
 MINIMUM TEMPERATURE (F)   44        24      1990


SUNRISE AND SUNSET
APRIL 12 2015.........SUNRISE   638 AM CDT   SUNSET   739 PM CDT
APRIL 13 2015.........SUNRISE   637 AM CDT   SUNSET   740 PM CDT


-  INDICATES NEGATIVE NUMBERS.
R  INDICATES RECORD WAS SET OR TIED.
MM INDICATES DATA IS MISSING.
T  INDICATES TRACE AMOUNT.




$$
