000
CDUS43 KSGF 140628
CLIUNO


CLIMATE REPORT
NATIONAL WEATHER SERVICE SPRINGFIELD MO
127 AM CDT TUE APR 14 2015


...................................

...THE WEST PLAINS MO CLIMATE SUMMARY FOR APRIL 13 2015...

CLIMATE NORMAL PERIOD 1981 TO 2010
CLIMATE RECORD PERIOD 1947 TO 2015


WEATHER ITEM   OBSERVED TIME   RECORD YEAR NORMAL DEPARTURE LAST
                VALUE   (LST)  VALUE       VALUE  FROM      YEAR
                                                  NORMAL
..................................................................
TEMPERATURE (F)
 YESTERDAY
  MAXIMUM         68   1247 AM  90    1972  69     -1       67
  MINIMUM         52   1157 PM  24    1990  44      8       55
  AVERAGE         60                        57      3       61

PRECIPITATION (IN)
  YESTERDAY       MM             1.72 1983   0.15  MM        1.55
  MONTH TO DATE    0.15                      1.78  -1.63     3.35
  SINCE MAR 1      4.18                      6.07  -1.89     6.57
  SINCE JAN 1      8.86                     11.63  -2.77     8.42

DEGREE DAYS
 HEATING
  YESTERDAY        5                         9     -4        4
  MONTH TO DATE   91                       138    -47      115
  SINCE MAR 1    650                       684    -34      817
  SINCE JUL 1   4447                      4148    299     4615

 COOLING
  YESTERDAY        0                         1     -1        0
  MONTH TO DATE   14                         8      6        7
  SINCE MAR 1     14                        12      2        7
  SINCE JAN 1     14                        12      2        7
..................................................................


WIND (MPH)
  HIGHEST WIND SPEED    21   HIGHEST WIND DIRECTION     N (20)
  HIGHEST GUST SPEED    29   HIGHEST GUST DIRECTION     N (350)
  AVERAGE WIND SPEED     7.5


SKY COVER
  AVERAGE SKY COVER 0.8


WEATHER CONDITIONS
 THE FOLLOWING WEATHER WAS RECORDED YESTERDAY.
  THUNDERSTORM
  HEAVY RAIN
  RAIN
  LIGHT RAIN
  FOG


RELATIVE HUMIDITY (PERCENT)
 HIGHEST    93           400 AM
 LOWEST     73           100 PM
 AVERAGE    83

..........................................................


THE WEST PLAINS MO CLIMATE NORMALS FOR TODAY
                         NORMAL    RECORD    YEAR
 MAXIMUM TEMPERATURE (F)   70        85      2006
 MINIMUM TEMPERATURE (F)   45        22      1950


SUNRISE AND SUNSET
APRIL 14 2015.........SUNRISE   635 AM CDT   SUNSET   741 PM CDT
APRIL 15 2015.........SUNRISE   634 AM CDT   SUNSET   742 PM CDT


-  INDICATES NEGATIVE NUMBERS.
R  INDICATES RECORD WAS SET OR TIED.
MM INDICATES DATA IS MISSING.
T  INDICATES TRACE AMOUNT.




$$
