000
CDUS43 KSGF 260630
CLIUNO


CLIMATE REPORT
NATIONAL WEATHER SERVICE SPRINGFIELD MO
130 AM CDT SUN APR 26 2015


...................................

...THE WEST PLAINS MO CLIMATE SUMMARY FOR APRIL 25 2015...

CLIMATE NORMAL PERIOD 1981 TO 2010
CLIMATE RECORD PERIOD 1947 TO 2015


WEATHER ITEM   OBSERVED TIME   RECORD YEAR NORMAL DEPARTURE LAST
                VALUE   (LST)  VALUE       VALUE  FROM      YEAR
                                                  NORMAL
..................................................................
TEMPERATURE (F)
 YESTERDAY
  MAXIMUM         80    225 PM  88    2012  72      8       76
  MINIMUM         52   1230 AM  31    2013  48      4       46
                                      1968
  AVERAGE         66                        60      6       61

PRECIPITATION (IN)
  YESTERDAY        0.00          3.49 2011   0.17  -0.17     0.00
  MONTH TO DATE    1.33                      3.67  -2.34     3.40
  SINCE MAR 1      5.36                      7.96  -2.60     6.62
  SINCE JAN 1     10.04                     13.52  -3.48     8.47

DEGREE DAYS
 HEATING
  YESTERDAY        0                         6     -6        4
  MONTH TO DATE  164                       226    -62      223
  SINCE MAR 1    723                       772    -49      925
  SINCE JUL 1   4520                      4236    284     4723

 COOLING
  YESTERDAY        1                         1      0        0
  MONTH TO DATE   16                        20     -4        7
  SINCE MAR 1     16                        24     -8        7
  SINCE JAN 1     16                        24     -8        7
..................................................................


WIND (MPH)
  HIGHEST WIND SPEED    25   HIGHEST WIND DIRECTION     W (270)
  HIGHEST GUST SPEED    34   HIGHEST GUST DIRECTION     W (280)
  AVERAGE WIND SPEED    10.4


SKY COVER
  AVERAGE SKY COVER 0.7


WEATHER CONDITIONS
 THE FOLLOWING WEATHER WAS RECORDED YESTERDAY.
  FOG
  FOG W/VISIBILITY <= 1/4 MILE


RELATIVE HUMIDITY (PERCENT)
 HIGHEST   100           300 AM
 LOWEST     35           100 PM
 AVERAGE    68

..........................................................


THE WEST PLAINS MO CLIMATE NORMALS FOR TODAY
                         NORMAL    RECORD    YEAR
 MAXIMUM TEMPERATURE (F)   72        89      1987
 MINIMUM TEMPERATURE (F)   48        30      1976


SUNRISE AND SUNSET
APRIL 26 2015.........SUNRISE   620 AM CDT   SUNSET   752 PM CDT
APRIL 27 2015.........SUNRISE   618 AM CDT   SUNSET   753 PM CDT


-  INDICATES NEGATIVE NUMBERS.
R  INDICATES RECORD WAS SET OR TIED.
MM INDICATES DATA IS MISSING.
T  INDICATES TRACE AMOUNT.




$$
