000
CDUS43 KSGF 040628
CLIUNO


CLIMATE REPORT
NATIONAL WEATHER SERVICE SPRINGFIELD MO
128 AM CDT MON MAY 4 2015


...................................

...THE WEST PLAINS MO CLIMATE SUMMARY FOR MAY 3 2015...

CLIMATE NORMAL PERIOD 1981 TO 2010
CLIMATE RECORD PERIOD 1947 TO 2015


WEATHER ITEM   OBSERVED TIME   RECORD YEAR NORMAL DEPARTURE LAST
                VALUE   (LST)  VALUE       VALUE  FROM      YEAR
                                                  NORMAL
..................................................................
TEMPERATURE (F)
 YESTERDAY
  MAXIMUM         79    444 PM  90    1952  74      5       82
  MINIMUM         58    512 AM  31    1967  50      8       45
                                      2005
  AVERAGE         69                        62      7       64

PRECIPITATION (IN)
  YESTERDAY        0.00          2.34 1979   0.21  -0.21     0.00
  MONTH TO DATE    0.00                      0.61  -0.61     0.00
  SINCE MAR 1      5.36                      9.38  -4.02     7.32
  SINCE JAN 1     10.04                     14.94  -4.90     9.17

DEGREE DAYS
 HEATING
  YESTERDAY        0                         4     -4        1
  MONTH TO DATE   19                        13      6       32
  SINCE MAR 1    787                       811    -24      986
  SINCE JUL 1   4584                      4275    309     4784

 COOLING
  YESTERDAY        4                         1      3        0
  MONTH TO DATE    4                         3      1        0
  SINCE MAR 1     20                        31    -11        9
  SINCE JAN 1     20                        31    -11        9
..................................................................


WIND (MPH)
  HIGHEST WIND SPEED    16   HIGHEST WIND DIRECTION     S (190)
  HIGHEST GUST SPEED    22   HIGHEST GUST DIRECTION    SE (120)
  AVERAGE WIND SPEED     7.8


SKY COVER
  AVERAGE SKY COVER 0.1


WEATHER CONDITIONS
 THE FOLLOWING WEATHER WAS RECORDED YESTERDAY.
  NO SIGNIFICANT WEATHER WAS OBSERVED.


RELATIVE HUMIDITY (PERCENT)
 HIGHEST    57           800 PM
 LOWEST     39           200 PM
 AVERAGE    48

..........................................................


THE WEST PLAINS MO CLIMATE NORMALS FOR TODAY
                         NORMAL    RECORD    YEAR
 MAXIMUM TEMPERATURE (F)   74        91      1952
 MINIMUM TEMPERATURE (F)   51        30      1954


SUNRISE AND SUNSET
MAY  4 2015...........SUNRISE   610 AM CDT   SUNSET   759 PM CDT
MAY  5 2015...........SUNRISE   609 AM CDT   SUNSET   800 PM CDT


-  INDICATES NEGATIVE NUMBERS.
R  INDICATES RECORD WAS SET OR TIED.
MM INDICATES DATA IS MISSING.
T  INDICATES TRACE AMOUNT.




$$
