000
CDUS43 KSGF 012127
CLIUNO


CLIMATE REPORT
NATIONAL WEATHER SERVICE SPRINGFIELD MO
427 PM CDT FRI MAY 1 2015


...................................

...THE WEST PLAINS MO CLIMATE SUMMARY FOR MAY 1 2015...
VALID AS OF 0400 PM LOCAL TIME.

CLIMATE NORMAL PERIOD 1981 TO 2010
CLIMATE RECORD PERIOD 1947 TO 2015


WEATHER ITEM   OBSERVED TIME   RECORD YEAR NORMAL DEPARTURE LAST
                VALUE   (LST)  VALUE       VALUE  FROM      YEAR
                                                  NORMAL
..................................................................
TEMPERATURE (F)
 TODAY
  MAXIMUM         71    252 PM  90    1959  74     -3       62
  MINIMUM         36    524 AM  28    1960  50    -14       36
                                      1963
  AVERAGE         54                        62     -8       49

PRECIPITATION (IN)
  TODAY            0.00          2.18 2004   0.20  -0.20     0.00
  MONTH TO DATE    0.00                      0.20  -0.20     0.00
  SINCE MAR 1      5.36                      8.97  -3.61     7.32
  SINCE JAN 1     10.04                     14.53  -4.49     9.17

DEGREE DAYS
 HEATING
  TODAY           11                         5      6       16
  MONTH TO DATE   11                         5      6       16
  SINCE MAR 1    779                       803    -24      970
  SINCE JUL 1   4576                      4267    309     4768

 COOLING
  TODAY            0                         1     -1        0
  MONTH TO DATE    0                         1     -1        0
  SINCE MAR 1     16                        29    -13        9
  SINCE JAN 1     16                        29    -13        9
..................................................................


WIND (MPH)
  HIGHEST WIND SPEED    10   HIGHEST WIND DIRECTION    NE (40)
  HIGHEST GUST SPEED    15   HIGHEST GUST DIRECTION    NE (30)


SKY COVER
  AVERAGE SKY COVER 0.0


WEATHER CONDITIONS
 THE FOLLOWING WEATHER WAS RECORDED TODAY.
  NO SIGNIFICANT WEATHER WAS OBSERVED.


RELATIVE HUMIDITY (PERCENT)
 HIGHEST    85           600 AM
 LOWEST     27           200 PM
 AVERAGE    56

..........................................................


THE WEST PLAINS MO CLIMATE NORMALS FOR TOMORROW
                         NORMAL    RECORD    YEAR
 MAXIMUM TEMPERATURE (F)   74        90      1952
 MINIMUM TEMPERATURE (F)   50        28      1961


SUNRISE AND SUNSET
MAY  1 2015...........SUNRISE   614 AM CDT   SUNSET   756 PM CDT
MAY  2 2015...........SUNRISE   613 AM CDT   SUNSET   757 PM CDT


-  INDICATES NEGATIVE NUMBERS.
R  INDICATES RECORD WAS SET OR TIED.
MM INDICATES DATA IS MISSING.
T  INDICATES TRACE AMOUNT.




$$
