000
CDUS43 KSGF 200627
CLIUNO


CLIMATE REPORT
NATIONAL WEATHER SERVICE SPRINGFIELD MO
127 AM CDT MON APR 20 2015


...................................

...THE WEST PLAINS MO CLIMATE SUMMARY FOR APRIL 19 2015...

CLIMATE NORMAL PERIOD 1981 TO 2010
CLIMATE RECORD PERIOD 1947 TO 2015


WEATHER ITEM   OBSERVED TIME   RECORD YEAR NORMAL DEPARTURE LAST
                VALUE   (LST)  VALUE       VALUE  FROM      YEAR
                                                  NORMAL
..................................................................
TEMPERATURE (F)
 YESTERDAY
  MAXIMUM         74    307 PM  85    2011  71      3       75
                                      1987
  MINIMUM         53   1158 PM  26    1953  46      7       42
                                      1983
  AVERAGE         64                        58      6       59

PRECIPITATION (IN)
  YESTERDAY        0.42          3.22 1968   0.16   0.26     0.00
  MONTH TO DATE    0.64                      2.69  -2.05     3.35
  SINCE MAR 1      4.67                      6.98  -2.31     6.57
  SINCE JAN 1      9.35                     12.54  -3.19     8.42

DEGREE DAYS
 HEATING
  YESTERDAY        1                         7     -6        6
  MONTH TO DATE  102                       187    -85      205
  SINCE MAR 1    661                       733    -72      907
  SINCE JUL 1   4458                      4197    261     4705

 COOLING
  YESTERDAY        0                         1     -1        0
  MONTH TO DATE   15                        14      1        7
  SINCE MAR 1     15                        18     -3        7
  SINCE JAN 1     15                        18     -3        7
..................................................................


WIND (MPH)
  HIGHEST WIND SPEED    20   HIGHEST WIND DIRECTION     W (290)
  HIGHEST GUST SPEED    29   HIGHEST GUST DIRECTION     W (280)
  AVERAGE WIND SPEED     7.1


SKY COVER
  AVERAGE SKY COVER 0.7


WEATHER CONDITIONS
 THE FOLLOWING WEATHER WAS RECORDED YESTERDAY.
  THUNDERSTORM
  RAIN
  LIGHT RAIN
  FOG


RELATIVE HUMIDITY (PERCENT)
 HIGHEST    93           600 AM
 LOWEST     44           300 PM
 AVERAGE    69

..........................................................


THE WEST PLAINS MO CLIMATE NORMALS FOR TODAY
                         NORMAL    RECORD    YEAR
 MAXIMUM TEMPERATURE (F)   71        91      1987
 MINIMUM TEMPERATURE (F)   46        30      2013
                                             1953


SUNRISE AND SUNSET
APRIL 20 2015.........SUNRISE   627 AM CDT   SUNSET   747 PM CDT
APRIL 21 2015.........SUNRISE   626 AM CDT   SUNSET   747 PM CDT


-  INDICATES NEGATIVE NUMBERS.
R  INDICATES RECORD WAS SET OR TIED.
MM INDICATES DATA IS MISSING.
T  INDICATES TRACE AMOUNT.




$$
