000
CDUS43 KSGF 230630
CLIUNO


CLIMATE REPORT
NATIONAL WEATHER SERVICE SPRINGFIELD MO
130 AM CDT THU APR 23 2015


...................................

...THE WEST PLAINS MO CLIMATE SUMMARY FOR APRIL 22 2015...

CLIMATE NORMAL PERIOD 1981 TO 2010
CLIMATE RECORD PERIOD 1947 TO 2015


WEATHER ITEM   OBSERVED TIME   RECORD YEAR NORMAL DEPARTURE LAST
                VALUE   (LST)  VALUE       VALUE  FROM      YEAR
                                                  NORMAL
..................................................................
TEMPERATURE (F)
 YESTERDAY
  MAXIMUM         63    458 PM  91    1955  72     -9       74
  MINIMUM         43   1001 PM  29    1993  47     -4       48
  AVERAGE         53                        59     -6       61

PRECIPITATION (IN)
  YESTERDAY        0.21          4.35 1973   0.16   0.05     0.00
  MONTH TO DATE    1.26                      3.17  -1.91     3.39
  SINCE MAR 1      5.29                      7.46  -2.17     6.61
  SINCE JAN 1      9.97                     13.02  -3.05     8.46

DEGREE DAYS
 HEATING
  YESTERDAY       12                         7      5        4
  MONTH TO DATE  135                       208    -73      212
  SINCE MAR 1    694                       754    -60      914
  SINCE JUL 1   4491                      4218    273     4712

 COOLING
  YESTERDAY        0                         1     -1        0
  MONTH TO DATE   15                        17     -2        7
  SINCE MAR 1     15                        21     -6        7
  SINCE JAN 1     15                        21     -6        7
..................................................................


WIND (MPH)
  HIGHEST WIND SPEED    18   HIGHEST WIND DIRECTION     W (280)
  HIGHEST GUST SPEED    23   HIGHEST GUST DIRECTION     W (290)
  AVERAGE WIND SPEED     6.9


SKY COVER
  AVERAGE SKY COVER 0.3


WEATHER CONDITIONS
 THE FOLLOWING WEATHER WAS RECORDED YESTERDAY.
  THUNDERSTORM
  HEAVY RAIN
  RAIN
  LIGHT RAIN
  FOG


RELATIVE HUMIDITY (PERCENT)
 HIGHEST    86           600 AM
 LOWEST     27           500 PM
 AVERAGE    57

..........................................................


THE WEST PLAINS MO CLIMATE NORMALS FOR TODAY
                         NORMAL    RECORD    YEAR
 MAXIMUM TEMPERATURE (F)   72        90      1965
 MINIMUM TEMPERATURE (F)   47        28      1993


SUNRISE AND SUNSET
APRIL 23 2015.........SUNRISE   623 AM CDT   SUNSET   749 PM CDT
APRIL 24 2015.........SUNRISE   622 AM CDT   SUNSET   750 PM CDT


-  INDICATES NEGATIVE NUMBERS.
R  INDICATES RECORD WAS SET OR TIED.
MM INDICATES DATA IS MISSING.
T  INDICATES TRACE AMOUNT.




$$
