000
CDUS43 KSGF 182130
CLIUNO


CLIMATE REPORT
NATIONAL WEATHER SERVICE SPRINGFIELD MO
430 PM CDT SAT APR 18 2015


...................................

...THE WEST PLAINS MO CLIMATE SUMMARY FOR APRIL 18 2015...
VALID AS OF 0400 PM LOCAL TIME.

CLIMATE NORMAL PERIOD 1981 TO 2010
CLIMATE RECORD PERIOD 1947 TO 2015


WEATHER ITEM   OBSERVED TIME   RECORD YEAR NORMAL DEPARTURE LAST
                VALUE   (LST)  VALUE       VALUE  FROM      YEAR
                                                  NORMAL
..................................................................
TEMPERATURE (F)
 TODAY
  MAXIMUM         73    259 PM  89    2006  71      2       73
  MINIMUM         61   1256 AM  28    1953  46     15       44
  AVERAGE         67                        58      9       59

PRECIPITATION (IN)
  TODAY            0.00          1.27 1966   0.16  -0.16     0.00
  MONTH TO DATE    0.15                      2.53  -2.38     3.35
  SINCE MAR 1      4.18                      6.82  -2.64     6.57
  SINCE JAN 1      8.86                     12.38  -3.52     8.42

DEGREE DAYS
 HEATING
  TODAY            0                         8     -8        6
  MONTH TO DATE  101                       180    -79      199
  SINCE MAR 1    660                       726    -66      901
  SINCE JUL 1   4457                      4190    267     4699

 COOLING
  TODAY            2                         1      1        0
  MONTH TO DATE   17                        13      4        7
  SINCE MAR 1     17                        17      0        7
  SINCE JAN 1     17                        17      0        7
..................................................................


WIND (MPH)
  HIGHEST WIND SPEED    13   HIGHEST WIND DIRECTION    SE (150)
  HIGHEST GUST SPEED    19   HIGHEST GUST DIRECTION    SE (140)


SKY COVER
  AVERAGE SKY COVER 0.9


WEATHER CONDITIONS
 THE FOLLOWING WEATHER WAS RECORDED TODAY.
  FOG


RELATIVE HUMIDITY (PERCENT)
 HIGHEST    97           100 AM
 LOWEST     53           300 PM
 AVERAGE    75

..........................................................


THE WEST PLAINS MO CLIMATE NORMALS FOR TOMORROW
                         NORMAL    RECORD    YEAR
 MAXIMUM TEMPERATURE (F)   71        85      2011
                                             1987
 MINIMUM TEMPERATURE (F)   46        26      1953
                                             1983


SUNRISE AND SUNSET
APRIL 18 2015.........SUNRISE   630 AM CDT   SUNSET   745 PM CDT
APRIL 19 2015.........SUNRISE   629 AM CDT   SUNSET   746 PM CDT


-  INDICATES NEGATIVE NUMBERS.
R  INDICATES RECORD WAS SET OR TIED.
MM INDICATES DATA IS MISSING.
T  INDICATES TRACE AMOUNT.




$$
