000
CDUS43 KSGF 270627
CLIUNO


CLIMATE REPORT
NATIONAL WEATHER SERVICE SPRINGFIELD MO
126 AM CDT MON APR 27 2015


...................................

...THE WEST PLAINS MO CLIMATE SUMMARY FOR APRIL 26 2015...

CLIMATE NORMAL PERIOD 1981 TO 2010
CLIMATE RECORD PERIOD 1947 TO 2015


WEATHER ITEM   OBSERVED TIME   RECORD YEAR NORMAL DEPARTURE LAST
                VALUE   (LST)  VALUE       VALUE  FROM      YEAR
                                                  NORMAL
..................................................................
TEMPERATURE (F)
 YESTERDAY
  MAXIMUM         61    517 PM  89    1987  72    -11       78
  MINIMUM         48   1159 PM  30    1976  48      0       45
  AVERAGE         55                        60     -5       62

PRECIPITATION (IN)
  YESTERDAY        0.00          1.15 1982   0.17  -0.17      T
  MONTH TO DATE    1.33                      3.84  -2.51     3.40
  SINCE MAR 1      5.36                      8.13  -2.77     6.62
  SINCE JAN 1     10.04                     13.69  -3.65     8.47

DEGREE DAYS
 HEATING
  YESTERDAY       10                         6      4        3
  MONTH TO DATE  174                       232    -58      226
  SINCE MAR 1    733                       778    -45      928
  SINCE JUL 1   4530                      4242    288     4726

 COOLING
  YESTERDAY        0                         1     -1        0
  MONTH TO DATE   16                        21     -5        7
  SINCE MAR 1     16                        25     -9        7
  SINCE JAN 1     16                        25     -9        7
..................................................................


WIND (MPH)
  HIGHEST WIND SPEED    14   HIGHEST WIND DIRECTION    NE (50)
  HIGHEST GUST SPEED    19   HIGHEST GUST DIRECTION    NE (50)
  AVERAGE WIND SPEED     7.7


SKY COVER
  AVERAGE SKY COVER 0.8


WEATHER CONDITIONS
 THE FOLLOWING WEATHER WAS RECORDED YESTERDAY.
  NO SIGNIFICANT WEATHER WAS OBSERVED.


RELATIVE HUMIDITY (PERCENT)
 HIGHEST    93           300 AM
 LOWEST     57           600 PM
 AVERAGE    75

..........................................................


THE WEST PLAINS MO CLIMATE NORMALS FOR TODAY
                         NORMAL    RECORD    YEAR
 MAXIMUM TEMPERATURE (F)   73        87      1989
 MINIMUM TEMPERATURE (F)   49        33      1953
                                             1992


SUNRISE AND SUNSET
APRIL 27 2015.........SUNRISE   618 AM CDT   SUNSET   753 PM CDT
APRIL 28 2015.........SUNRISE   617 AM CDT   SUNSET   754 PM CDT


-  INDICATES NEGATIVE NUMBERS.
R  INDICATES RECORD WAS SET OR TIED.
MM INDICATES DATA IS MISSING.
T  INDICATES TRACE AMOUNT.




$$
