000
CDUS43 KSGF 010627
CLIUNO


CLIMATE REPORT
NATIONAL WEATHER SERVICE SPRINGFIELD MO
126 AM CDT WED APR 1 2015


...................................

...THE WEST PLAINS MO CLIMATE SUMMARY FOR MARCH 31 2015...

CLIMATE NORMAL PERIOD 1981 TO 2010
CLIMATE RECORD PERIOD 1947 TO 2015


WEATHER ITEM   OBSERVED TIME   RECORD YEAR NORMAL DEPARTURE LAST
                VALUE   (LST)  VALUE       VALUE  FROM      YEAR
                                                  NORMAL
..................................................................
TEMPERATURE (F)
 YESTERDAY
  MAXIMUM         79    305 PM  85    1991  65     14       61
  MINIMUM         49    357 AM  20    1994  41      8       48
  AVERAGE         64                        53     11       55

PRECIPITATION (IN)
  YESTERDAY        0.00          1.68 1998   0.17  -0.17     0.05
  MONTH TO DATE    4.03                      4.29  -0.26     3.22
  SINCE MAR 1      4.03                      4.29  -0.26     3.22
  SINCE JAN 1      8.71                      9.85  -1.14     5.07

DEGREE DAYS
 HEATING
  YESTERDAY        1                        13    -12       10
  MONTH TO DATE  559                       546     13      702
  SINCE MAR 1    559                       546     13      702
  SINCE JUL 1   4356                      4010    346     4500

 COOLING
  YESTERDAY        0                         0      0        0
  MONTH TO DATE    0                         4     -4        0
  SINCE MAR 1      0                         4     -4        0
  SINCE JAN 1      0                         4     -4        0
..................................................................


WIND (MPH)
  HIGHEST WIND SPEED    15   HIGHEST WIND DIRECTION     W (260)
  HIGHEST GUST SPEED    20   HIGHEST GUST DIRECTION     W (270)
  AVERAGE WIND SPEED     6.4


SKY COVER
  AVERAGE SKY COVER 0.2


WEATHER CONDITIONS
 THE FOLLOWING WEATHER WAS RECORDED YESTERDAY.
  NO SIGNIFICANT WEATHER WAS OBSERVED.


RELATIVE HUMIDITY (PERCENT)
 HIGHEST    80           400 AM
 LOWEST     39           400 PM
 AVERAGE    60

..........................................................


THE WEST PLAINS MO CLIMATE NORMALS FOR TODAY
                         NORMAL    RECORD    YEAR
 MAXIMUM TEMPERATURE (F)   65        86      2012
 MINIMUM TEMPERATURE (F)   41        22      1954


SUNRISE AND SUNSET
APRIL  1 2015.........SUNRISE   654 AM CDT   SUNSET   730 PM CDT
APRIL  2 2015.........SUNRISE   652 AM CDT   SUNSET   731 PM CDT


-  INDICATES NEGATIVE NUMBERS.
R  INDICATES RECORD WAS SET OR TIED.
MM INDICATES DATA IS MISSING.
T  INDICATES TRACE AMOUNT.




$$
