000
CDUS43 KSGF 290635
CLIUNO


CLIMATE REPORT
NATIONAL WEATHER SERVICE SPRINGFIELD MO
135 AM CDT WED APR 29 2015


...................................

...THE WEST PLAINS MO CLIMATE SUMMARY FOR APRIL 28 2015...

CLIMATE NORMAL PERIOD 1981 TO 2010
CLIMATE RECORD PERIOD 1947 TO 2015


WEATHER ITEM   OBSERVED TIME   RECORD YEAR NORMAL DEPARTURE LAST
                VALUE   (LST)  VALUE       VALUE  FROM      YEAR
                                                  NORMAL
..................................................................
TEMPERATURE (F)
 YESTERDAY
  MAXIMUM         65    324 PM  88    1970  73     -8       74
  MINIMUM         41    500 AM  27    1992  49     -8       54
  AVERAGE         53                        61     -8       64

PRECIPITATION (IN)
  YESTERDAY        0.00          1.26 1991   0.15  -0.15     0.08
  MONTH TO DATE    1.33                      4.15  -2.82     4.10
  SINCE MAR 1      5.36                      8.44  -3.08     7.32
  SINCE JAN 1     10.04                     14.00  -3.96     9.17

DEGREE DAYS
 HEATING
  YESTERDAY       12                         5      7        1
  MONTH TO DATE  196                       242    -46      227
  SINCE MAR 1    755                       788    -33      929
  SINCE JUL 1   4552                      4252    300     4727

 COOLING
  YESTERDAY        0                         1     -1        0
  MONTH TO DATE   16                        23     -7        9
  SINCE MAR 1     16                        27    -11        9
  SINCE JAN 1     16                        27    -11        9
..................................................................


WIND (MPH)
  HIGHEST WIND SPEED    14   HIGHEST WIND DIRECTION     E (90)
  HIGHEST GUST SPEED    19   HIGHEST GUST DIRECTION     E (100)
  AVERAGE WIND SPEED     5.4


SKY COVER
  AVERAGE SKY COVER 0.0


WEATHER CONDITIONS
 THE FOLLOWING WEATHER WAS RECORDED YESTERDAY.
  NO SIGNIFICANT WEATHER WAS OBSERVED.


RELATIVE HUMIDITY (PERCENT)
 HIGHEST    76           500 AM
 LOWEST     36           600 PM
 AVERAGE    56

..........................................................


THE WEST PLAINS MO CLIMATE NORMALS FOR TODAY
                         NORMAL    RECORD    YEAR
 MAXIMUM TEMPERATURE (F)   73        90      1952
 MINIMUM TEMPERATURE (F)   49        27      1992


SUNRISE AND SUNSET
APRIL 29 2015.........SUNRISE   616 AM CDT   SUNSET   754 PM CDT
APRIL 30 2015.........SUNRISE   615 AM CDT   SUNSET   755 PM CDT


-  INDICATES NEGATIVE NUMBERS.
R  INDICATES RECORD WAS SET OR TIED.
MM INDICATES DATA IS MISSING.
T  INDICATES TRACE AMOUNT.




$$
