000
CDUS43 KSGF 240650
CLIUNO


CLIMATE REPORT
NATIONAL WEATHER SERVICE SPRINGFIELD MO
150 AM CDT FRI APR 24 2015


...................................

...THE WEST PLAINS MO CLIMATE SUMMARY FOR APRIL 23 2015...

CLIMATE NORMAL PERIOD 1981 TO 2010
CLIMATE RECORD PERIOD 1947 TO 2015


WEATHER ITEM   OBSERVED TIME   RECORD YEAR NORMAL DEPARTURE LAST
                VALUE   (LST)  VALUE       VALUE  FROM      YEAR
                                                  NORMAL
..................................................................
TEMPERATURE (F)
 YESTERDAY
  MAXIMUM         64    436 PM  90    1965  72     -8       74
  MINIMUM         39    445 AM  28    1993  47     -8       44
  AVERAGE         52                        60     -8       59

PRECIPITATION (IN)
  YESTERDAY        0.00          3.47 1970   0.16  -0.16     0.00
  MONTH TO DATE    1.26                      3.33  -2.07     3.39
  SINCE MAR 1      5.29                      7.62  -2.33     6.61
  SINCE JAN 1      9.97                     13.18  -3.21     8.46

DEGREE DAYS
 HEATING
  YESTERDAY       13                         6      7        6
  MONTH TO DATE  148                       214    -66      218
  SINCE MAR 1    707                       760    -53      920
  SINCE JUL 1   4504                      4224    280     4718

 COOLING
  YESTERDAY        0                         1     -1        0
  MONTH TO DATE   15                        18     -3        7
  SINCE MAR 1     15                        22     -7        7
  SINCE JAN 1     15                        22     -7        7
..................................................................


WIND (MPH)
  HIGHEST WIND SPEED    13   HIGHEST WIND DIRECTION     E (110)
  HIGHEST GUST SPEED    17   HIGHEST GUST DIRECTION     E (90)
  AVERAGE WIND SPEED     5.7


SKY COVER
  AVERAGE SKY COVER 0.3


WEATHER CONDITIONS
 THE FOLLOWING WEATHER WAS RECORDED YESTERDAY.
  NO SIGNIFICANT WEATHER WAS OBSERVED.


RELATIVE HUMIDITY (PERCENT)
 HIGHEST    59           500 AM
 LOWEST     23           200 PM
 AVERAGE    41

..........................................................


THE WEST PLAINS MO CLIMATE NORMALS FOR TODAY
                         NORMAL    RECORD    YEAR
 MAXIMUM TEMPERATURE (F)   72        87      1965
 MINIMUM TEMPERATURE (F)   48        30      2005


SUNRISE AND SUNSET
APRIL 24 2015.........SUNRISE   622 AM CDT   SUNSET   750 PM CDT
APRIL 25 2015.........SUNRISE   621 AM CDT   SUNSET   751 PM CDT


-  INDICATES NEGATIVE NUMBERS.
R  INDICATES RECORD WAS SET OR TIED.
MM INDICATES DATA IS MISSING.
T  INDICATES TRACE AMOUNT.




$$
