000
CDUS43 KSGF 142126
CLIUNO


CLIMATE REPORT
NATIONAL WEATHER SERVICE SPRINGFIELD MO
426 PM CDT TUE APR 14 2015


...................................

...THE WEST PLAINS MO CLIMATE SUMMARY FOR APRIL 14 2015...
VALID AS OF 0400 PM LOCAL TIME.

CLIMATE NORMAL PERIOD 1981 TO 2010
CLIMATE RECORD PERIOD 1947 TO 2015


WEATHER ITEM   OBSERVED TIME   RECORD YEAR NORMAL DEPARTURE LAST
                VALUE   (LST)  VALUE       VALUE  FROM      YEAR
                                                  NORMAL
..................................................................
TEMPERATURE (F)
 TODAY
  MAXIMUM         65    107 PM  85    2006  70     -5       55
  MINIMUM         51    422 AM  22    1950  45      6       32
  AVERAGE         58                        57      1       44

PRECIPITATION (IN)
  TODAY           MM             2.20 1991   0.14  MM         T
  MONTH TO DATE    0.15                      1.92  -1.77     3.35
  SINCE MAR 1      4.18                      6.21  -2.03     6.57
  SINCE JAN 1      8.86                     11.77  -2.91     8.42

DEGREE DAYS
 HEATING
  TODAY            7                         9     -2       21
  MONTH TO DATE   98                       147    -49      136
  SINCE MAR 1    657                       693    -36      838
  SINCE JUL 1   4454                      4157    297     4636

 COOLING
  TODAY            0                         1     -1        0
  MONTH TO DATE   14                         9      5        7
  SINCE MAR 1     14                        13      1        7
  SINCE JAN 1     14                        13      1        7
..................................................................


WIND (MPH)
  HIGHEST WIND SPEED    20   HIGHEST WIND DIRECTION    NE (50)
  HIGHEST GUST SPEED    28   HIGHEST GUST DIRECTION    NE (50)


SKY COVER
  AVERAGE SKY COVER 0.9


WEATHER CONDITIONS
 THE FOLLOWING WEATHER WAS RECORDED TODAY.
  LIGHT RAIN


RELATIVE HUMIDITY (PERCENT)
 HIGHEST    77           300 PM
 LOWEST     39          1100 AM
 AVERAGE    58

..........................................................


THE WEST PLAINS MO CLIMATE NORMALS FOR TOMORROW
                         NORMAL    RECORD    YEAR
 MAXIMUM TEMPERATURE (F)   70        84      1967
 MINIMUM TEMPERATURE (F)   45        25      1950


SUNRISE AND SUNSET
APRIL 14 2015.........SUNRISE   635 AM CDT   SUNSET   741 PM CDT
APRIL 15 2015.........SUNRISE   634 AM CDT   SUNSET   742 PM CDT


-  INDICATES NEGATIVE NUMBERS.
R  INDICATES RECORD WAS SET OR TIED.
MM INDICATES DATA IS MISSING.
T  INDICATES TRACE AMOUNT.




$$
