000
CDUS43 KSGF 102227
CLIUNO


CLIMATE REPORT
NATIONAL WEATHER SERVICE SPRINGFIELD MO
526 PM CDT FRI APR 10 2015


...................................

...THE WEST PLAINS MO CLIMATE SUMMARY FOR APRIL 10 2015...
VALID TODAY AS OF 0500 PM LOCAL TIME.

CLIMATE NORMAL PERIOD 1981 TO 2010
CLIMATE RECORD PERIOD 1947 TO 2015


WEATHER ITEM   OBSERVED TIME   RECORD YEAR NORMAL DEPARTURE LAST
                VALUE   (LST)  VALUE       VALUE  FROM      YEAR
                                                  NORMAL
..................................................................
TEMPERATURE (F)
 TODAY
  MAXIMUM         69    340 PM  89    2001  68      1       83
  MINIMUM         40    626 AM  26    1960  44     -4       52
                                      1973
  AVERAGE         55                        56     -1       68

PRECIPITATION (IN)
  TODAY            0.00          2.42 2008   0.15  -0.15     0.00
  MONTH TO DATE    0.15                      1.33  -1.18     1.80
  SINCE MAR 1      4.18                      5.62  -1.44     5.02
  SINCE JAN 1      8.86                     11.18  -2.32     6.87

DEGREE DAYS
 COOLING
  TODAY            0                         1     -1        3
  MONTH TO DATE   14                         5      9        4
  SINCE MAR 1     14                         9      5        4
  SINCE JAN 1     14                         9      5        4
..................................................................


WIND (MPH)
  HIGHEST WIND SPEED    21   HIGHEST WIND DIRECTION    NW (310)
  HIGHEST GUST SPEED    28   HIGHEST GUST DIRECTION    NW (310)


SKY COVER
  AVERAGE SKY COVER 0.0


WEATHER CONDITIONS
 THE FOLLOWING WEATHER WAS RECORDED TODAY.
  NO SIGNIFICANT WEATHER WAS OBSERVED.


RELATIVE HUMIDITY (PERCENT)
 HIGHEST    79           600 AM
 LOWEST     26           100 PM
 AVERAGE    53

..........................................................


THE WEST PLAINS MO CLIMATE NORMALS FOR TOMORROW
                         NORMAL    RECORD    YEAR
 MAXIMUM TEMPERATURE (F)   69        85      1965
 MINIMUM TEMPERATURE (F)   44        19      1989


SUNRISE AND SUNSET
APRIL 10 2015.........SUNRISE   641 AM CDT   SUNSET   738 PM CDT
APRIL 11 2015.........SUNRISE   639 AM CDT   SUNSET   739 PM CDT


-  INDICATES NEGATIVE NUMBERS.
R  INDICATES RECORD WAS SET OR TIED.
MM INDICATES DATA IS MISSING.
T  INDICATES TRACE AMOUNT.




$$
