000
CDUS43 KSGF 162226
CLIUNO


CLIMATE REPORT
NATIONAL WEATHER SERVICE SPRINGFIELD MO
526 PM CDT THU APR 16 2015


...................................

...THE WEST PLAINS MO CLIMATE SUMMARY FOR APRIL 16 2015...
VALID TODAY AS OF 0500 PM LOCAL TIME.

CLIMATE NORMAL PERIOD 1981 TO 2010
CLIMATE RECORD PERIOD 1947 TO 2015


WEATHER ITEM   OBSERVED TIME   RECORD YEAR NORMAL DEPARTURE LAST
                VALUE   (LST)  VALUE       VALUE  FROM      YEAR
                                                  NORMAL
..................................................................
TEMPERATURE (F)
 TODAY
  MAXIMUM         75    359 PM  88    2006  70      5       56
                                      1955
  MINIMUM         59    624 AM  24    1962  45     14       34
  AVERAGE         67                        58      9       45

PRECIPITATION (IN)
  TODAY            0.00          1.15 1982   0.15  -0.15     0.00
  MONTH TO DATE    0.15                      2.21  -2.06     3.35
  SINCE MAR 1      4.18                      6.50  -2.32     6.57
  SINCE JAN 1      8.86                     12.06  -3.20     8.42

DEGREE DAYS
 COOLING
  TODAY            2                         1      1        0
  MONTH TO DATE   16                        11      5        7
  SINCE MAR 1     16                        15      1        7
  SINCE JAN 1     16                        15      1        7
..................................................................


WIND (MPH)
  HIGHEST WIND SPEED    10   HIGHEST WIND DIRECTION     N (20)
  HIGHEST GUST SPEED    12   HIGHEST GUST DIRECTION     N (20)


SKY COVER
  AVERAGE SKY COVER 0.9


WEATHER CONDITIONS
 THE FOLLOWING WEATHER WAS RECORDED TODAY.
  FOG
  HAZE


RELATIVE HUMIDITY (PERCENT)
 HIGHEST    93           500 AM
 LOWEST     49           400 PM
 AVERAGE    71

..........................................................


THE WEST PLAINS MO CLIMATE NORMALS FOR TOMORROW
                         NORMAL    RECORD    YEAR
 MAXIMUM TEMPERATURE (F)   70        87      2006
 MINIMUM TEMPERATURE (F)   46        24      1951


SUNRISE AND SUNSET
APRIL 16 2015.........SUNRISE   633 AM CDT   SUNSET   743 PM CDT
APRIL 17 2015.........SUNRISE   631 AM CDT   SUNSET   744 PM CDT


-  INDICATES NEGATIVE NUMBERS.
R  INDICATES RECORD WAS SET OR TIED.
MM INDICATES DATA IS MISSING.
T  INDICATES TRACE AMOUNT.




$$
