000
CDUS43 KSGF 312127
CLIVIH


CLIMATE REPORT
NATIONAL WEATHER SERVICE SPRINGFIELD MO
427 PM CDT TUE MAR 31 2015


...................................

...THE VICHY-ROLLA MO CLIMATE SUMMARY FOR MARCH 31 2015...
VALID AS OF 0400 PM LOCAL TIME.

CLIMATE NORMAL PERIOD 1981 TO 2010
CLIMATE RECORD PERIOD 1888 TO 2015


WEATHER ITEM   OBSERVED TIME   RECORD YEAR NORMAL DEPARTURE LAST
                VALUE   (LST)  VALUE       VALUE  FROM      YEAR
                                                  NORMAL
..................................................................
TEMPERATURE (F)
 TODAY
  MAXIMUM         75    259 PM  84    2010  62     13       66
  MINIMUM         49    632 AM  20    1899  39     10       49
  AVERAGE         62                        50     12       58

PRECIPITATION (IN)
  TODAY            0.00          1.60 2008   0.15  -0.15     0.01
  MONTH TO DATE    3.02                      3.45  -0.43     0.71
  SINCE MAR 1      3.02                      3.45  -0.43     0.71
  SINCE JAN 1      5.30                      7.55  -2.25     2.17

DEGREE DAYS
 HEATING
  TODAY            3                        15    -12        7
  MONTH TO DATE  612                       614     -2      751
  SINCE MAR 1    612                       614     -2      751
  SINCE JUL 1   4729                      4404    325     5057

 COOLING
  TODAY            0                         0      0        0
  MONTH TO DATE    0                         4     -4        0
  SINCE MAR 1      0                         4     -4        0
  SINCE JAN 1      0                         4     -4        0
..................................................................


WIND (MPH)
  HIGHEST WIND SPEED    16   HIGHEST WIND DIRECTION    SW (210)
  HIGHEST GUST SPEED    20   HIGHEST GUST DIRECTION    SW (210)


SKY COVER
  AVERAGE SKY COVER 0.0


WEATHER CONDITIONS
 THE FOLLOWING WEATHER WAS RECORDED TODAY.
  NO SIGNIFICANT WEATHER WAS OBSERVED.


RELATIVE HUMIDITY (PERCENT)
 HIGHEST    61           300 AM
 LOWEST     20           200 PM
 AVERAGE    41

..........................................................


THE VICHY-ROLLA MO CLIMATE NORMALS FOR TOMORROW
                         NORMAL    RECORD    YEAR
 MAXIMUM TEMPERATURE (F)   62        87      2012
 MINIMUM TEMPERATURE (F)   39        17      1899


SUNRISE AND SUNSET
MARCH 31 2015.........SUNRISE   654 AM CDT   SUNSET   729 PM CDT
APRIL  1 2015.........SUNRISE   653 AM CDT   SUNSET   730 PM CDT


-  INDICATES NEGATIVE NUMBERS.
R  INDICATES RECORD WAS SET OR TIED.
MM INDICATES DATA IS MISSING.
T  INDICATES TRACE AMOUNT.




$$
