000
CDUS43 KSGF 270627
CLIVIH


CLIMATE REPORT
NATIONAL WEATHER SERVICE SPRINGFIELD MO
126 AM CDT MON APR 27 2015


...................................

...THE VICHY-ROLLA MO CLIMATE SUMMARY FOR APRIL 26 2015...

CLIMATE NORMAL PERIOD 1981 TO 2010
CLIMATE RECORD PERIOD 1888 TO 2015


WEATHER ITEM   OBSERVED TIME   RECORD YEAR NORMAL DEPARTURE LAST
                VALUE   (LST)  VALUE       VALUE  FROM      YEAR
                                                  NORMAL
..................................................................
TEMPERATURE (F)
 YESTERDAY
  MAXIMUM         62    420 PM  86    1994  70     -8       76
  MINIMUM         45    831 AM  32    1976  47     -2       54
  AVERAGE         54                        58     -4       65

PRECIPITATION (IN)
  YESTERDAY        0.00          1.23 1964   0.15  -0.15      T
  MONTH TO DATE    2.12                      3.60  -1.48     2.91
  SINCE MAR 1      5.14                      7.05  -1.91     3.62
  SINCE JAN 1      7.42                     11.15  -3.73     5.08

DEGREE DAYS
 HEATING
  YESTERDAY       11                         8      3        0
  MONTH TO DATE  190                       287    -97      261
  SINCE MAR 1    802                       901    -99     1012
  SINCE JUL 1   4919                      4691    228     5318

 COOLING
  YESTERDAY        0                         1     -1        0
  MONTH TO DATE   13                        20     -7        8
  SINCE MAR 1     13                        24    -11        8
  SINCE JAN 1     13                        24    -11        8
..................................................................


WIND (MPH)
  HIGHEST WIND SPEED    16   HIGHEST WIND DIRECTION    NE (30)
  HIGHEST GUST SPEED    21   HIGHEST GUST DIRECTION    NE (30)
  AVERAGE WIND SPEED     9.7


SKY COVER
  AVERAGE SKY COVER 0.6


WEATHER CONDITIONS
 THE FOLLOWING WEATHER WAS RECORDED YESTERDAY.
  FOG


RELATIVE HUMIDITY (PERCENT)
 HIGHEST   100           100 AM
 LOWEST     39           400 PM
 AVERAGE    70

..........................................................


THE VICHY-ROLLA MO CLIMATE NORMALS FOR TODAY
                         NORMAL    RECORD    YEAR
 MAXIMUM TEMPERATURE (F)   70        89      1899
 MINIMUM TEMPERATURE (F)   48        33      1904


SUNRISE AND SUNSET
APRIL 27 2015.........SUNRISE   616 AM CDT   SUNSET   754 PM CDT
APRIL 28 2015.........SUNRISE   615 AM CDT   SUNSET   755 PM CDT


-  INDICATES NEGATIVE NUMBERS.
R  INDICATES RECORD WAS SET OR TIED.
MM INDICATES DATA IS MISSING.
T  INDICATES TRACE AMOUNT.




$$
